{"id":215,"date":"2014-02-25T16:49:49","date_gmt":"2014-02-25T19:49:49","guid":{"rendered":"https:\/\/mobilevet.com.br\/site\/?page_id=215"},"modified":"2014-03-18T16:13:46","modified_gmt":"2014-03-18T19:13:46","slug":"abdominocentese","status":"publish","type":"page","link":"https:\/\/mobilevet.com.br\/site\/abdominocentese\/","title":{"rendered":"Abdominocentese"},"content":{"rendered":"<p><strong>Indica\u00e7\u00f5es:<\/strong><\/p>\n<ul>\n<li>Efus\u00e3o peritoneal.<\/li>\n<\/ul>\n<p><strong>Vantagem:<\/strong><\/p>\n<ul>\n<li>Mais seguran\u00e7a no procedimento devido ao aux\u00edlio do ultrassom.<\/li>\n<\/ul>\n<p><b>Preparo do paciente:<\/b><\/p>\n<ul>\n<li>Propriet\u00e1rio deve assinar o termo de responsabilidade de realiza\u00e7\u00e3o do procedimento;<\/li>\n<li>Trazer exames anteriores relacionados dispon\u00edveis.<\/li>\n<\/ul>\n","protected":false},"excerpt":{"rendered":"<p>Indica\u00e7\u00f5es: Efus\u00e3o peritoneal. Vantagem: Mais seguran\u00e7a no procedimento devido ao aux\u00edlio do ultrassom. Preparo do paciente: Propriet\u00e1rio deve assinar o termo de responsabilidade de realiza\u00e7\u00e3o do<span class=\"excerpt-hellip\"> [\u2026]<\/span><\/p>\n","protected":false},"author":4,"featured_media":0,"parent":0,"menu_order":0,"comment_status":"open","ping_status":"open","template":"","meta":{"_joinchat":[]},"yoast_head":"<!-- This site is optimized with the Yoast SEO plugin v18.7 - https:\/\/yoast.com\/wordpress\/plugins\/seo\/ -->\n<title>- Mobile Vet<\/title>\n<meta name=\"robots\" content=\"index, follow, max-snippet:-1, max-image-preview:large, max-video-preview:-1\" \/>\n<link rel=\"canonical\" href=\"https:\/\/mobilevet.com.br\/site\/abdominocentese\/\" \/>\n<meta property=\"og:locale\" content=\"pt_BR\" \/>\n<meta property=\"og:type\" content=\"article\" \/>\n<meta property=\"og:title\" content=\"- Mobile Vet\" \/>\n<meta property=\"og:description\" content=\"Indica\u00e7\u00f5es: Efus\u00e3o peritoneal. Vantagem: Mais seguran\u00e7a no procedimento devido ao aux\u00edlio do ultrassom. Preparo do paciente: Propriet\u00e1rio deve assinar o termo de responsabilidade de realiza\u00e7\u00e3o do [\u2026]\" \/>\n<meta property=\"og:url\" content=\"https:\/\/mobilevet.com.br\/site\/abdominocentese\/\" \/>\n<meta property=\"og:site_name\" content=\"Mobile Vet\" \/>\n<meta property=\"article:modified_time\" content=\"2014-03-18T19:13:46+00:00\" \/>\n<meta name=\"twitter:card\" content=\"summary_large_image\" \/>\n<script type=\"application\/ld+json\" class=\"yoast-schema-graph\">{\"@context\":\"https:\/\/schema.org\",\"@graph\":[{\"@type\":\"WebSite\",\"@id\":\"https:\/\/mobilevet.com.br\/site\/#website\",\"url\":\"https:\/\/mobilevet.com.br\/site\/\",\"name\":\"Mobile Vet\",\"description\":\"Exames de diagn\u00f3sticos veterin\u00e1rios e consultoria cardiol\u00f3gica\",\"potentialAction\":[{\"@type\":\"SearchAction\",\"target\":{\"@type\":\"EntryPoint\",\"urlTemplate\":\"https:\/\/mobilevet.com.br\/site\/?s={search_term_string}\"},\"query-input\":\"required name=search_term_string\"}],\"inLanguage\":\"pt-BR\"},{\"@type\":\"WebPage\",\"@id\":\"https:\/\/mobilevet.com.br\/site\/abdominocentese\/#webpage\",\"url\":\"https:\/\/mobilevet.com.br\/site\/abdominocentese\/\",\"name\":\"- Mobile Vet\",\"isPartOf\":{\"@id\":\"https:\/\/mobilevet.com.br\/site\/#website\"},\"datePublished\":\"2014-02-25T19:49:49+00:00\",\"dateModified\":\"2014-03-18T19:13:46+00:00\",\"breadcrumb\":{\"@id\":\"https:\/\/mobilevet.com.br\/site\/abdominocentese\/#breadcrumb\"},\"inLanguage\":\"pt-BR\",\"potentialAction\":[{\"@type\":\"ReadAction\",\"target\":[\"https:\/\/mobilevet.com.br\/site\/abdominocentese\/\"]}]},{\"@type\":\"BreadcrumbList\",\"@id\":\"https:\/\/mobilevet.com.br\/site\/abdominocentese\/#breadcrumb\",\"itemListElement\":[{\"@type\":\"ListItem\",\"position\":1,\"name\":\"In\u00edcio\",\"item\":\"https:\/\/mobilevet.com.br\/site\/\"},{\"@type\":\"ListItem\",\"position\":2,\"name\":\"Abdominocentese\"}]}]}<\/script>\n<!-- \/ Yoast SEO plugin. -->","yoast_head_json":{"title":"- Mobile Vet","robots":{"index":"index","follow":"follow","max-snippet":"max-snippet:-1","max-image-preview":"max-image-preview:large","max-video-preview":"max-video-preview:-1"},"canonical":"https:\/\/mobilevet.com.br\/site\/abdominocentese\/","og_locale":"pt_BR","og_type":"article","og_title":"- Mobile Vet","og_description":"Indica\u00e7\u00f5es: Efus\u00e3o peritoneal. Vantagem: Mais seguran\u00e7a no procedimento devido ao aux\u00edlio do ultrassom. Preparo do paciente: Propriet\u00e1rio deve assinar o termo de responsabilidade de realiza\u00e7\u00e3o do [\u2026]","og_url":"https:\/\/mobilevet.com.br\/site\/abdominocentese\/","og_site_name":"Mobile Vet","article_modified_time":"2014-03-18T19:13:46+00:00","twitter_card":"summary_large_image","schema":{"@context":"https:\/\/schema.org","@graph":[{"@type":"WebSite","@id":"https:\/\/mobilevet.com.br\/site\/#website","url":"https:\/\/mobilevet.com.br\/site\/","name":"Mobile Vet","description":"Exames de diagn\u00f3sticos veterin\u00e1rios e consultoria cardiol\u00f3gica","potentialAction":[{"@type":"SearchAction","target":{"@type":"EntryPoint","urlTemplate":"https:\/\/mobilevet.com.br\/site\/?s={search_term_string}"},"query-input":"required name=search_term_string"}],"inLanguage":"pt-BR"},{"@type":"WebPage","@id":"https:\/\/mobilevet.com.br\/site\/abdominocentese\/#webpage","url":"https:\/\/mobilevet.com.br\/site\/abdominocentese\/","name":"- Mobile Vet","isPartOf":{"@id":"https:\/\/mobilevet.com.br\/site\/#website"},"datePublished":"2014-02-25T19:49:49+00:00","dateModified":"2014-03-18T19:13:46+00:00","breadcrumb":{"@id":"https:\/\/mobilevet.com.br\/site\/abdominocentese\/#breadcrumb"},"inLanguage":"pt-BR","potentialAction":[{"@type":"ReadAction","target":["https:\/\/mobilevet.com.br\/site\/abdominocentese\/"]}]},{"@type":"BreadcrumbList","@id":"https:\/\/mobilevet.com.br\/site\/abdominocentese\/#breadcrumb","itemListElement":[{"@type":"ListItem","position":1,"name":"In\u00edcio","item":"https:\/\/mobilevet.com.br\/site\/"},{"@type":"ListItem","position":2,"name":"Abdominocentese"}]}]}},"_links":{"self":[{"href":"https:\/\/mobilevet.com.br\/site\/wp-json\/wp\/v2\/pages\/215"}],"collection":[{"href":"https:\/\/mobilevet.com.br\/site\/wp-json\/wp\/v2\/pages"}],"about":[{"href":"https:\/\/mobilevet.com.br\/site\/wp-json\/wp\/v2\/types\/page"}],"author":[{"embeddable":true,"href":"https:\/\/mobilevet.com.br\/site\/wp-json\/wp\/v2\/users\/4"}],"replies":[{"embeddable":true,"href":"https:\/\/mobilevet.com.br\/site\/wp-json\/wp\/v2\/comments?post=215"}],"version-history":[{"count":2,"href":"https:\/\/mobilevet.com.br\/site\/wp-json\/wp\/v2\/pages\/215\/revisions"}],"predecessor-version":[{"id":245,"href":"https:\/\/mobilevet.com.br\/site\/wp-json\/wp\/v2\/pages\/215\/revisions\/245"}],"wp:attachment":[{"href":"https:\/\/mobilevet.com.br\/site\/wp-json\/wp\/v2\/media?parent=215"}],"curies":[{"name":"wp","href":"https:\/\/api.w.org\/{rel}","templated":true}]}}