{"id":2748,"date":"2024-04-25T14:50:37","date_gmt":"2024-04-25T17:50:37","guid":{"rendered":"https:\/\/mobilevet.com.br\/site\/?page_id=2748"},"modified":"2024-05-28T10:43:33","modified_gmt":"2024-05-28T13:43:33","slug":"telecardiologia","status":"publish","type":"page","link":"https:\/\/mobilevet.com.br\/site\/telecardiologia\/","title":{"rendered":"Telecardiologia"},"content":{"rendered":"\t\t<div data-elementor-type=\"wp-page\" data-elementor-id=\"2748\" class=\"elementor elementor-2748\" data-elementor-post-type=\"page\">\n\t\t\t\t\t\t\t\t\t<section class=\"elementor-section elementor-top-section elementor-element elementor-element-66885031 elementor-section-boxed elementor-section-height-default elementor-section-height-default\" data-id=\"66885031\" data-element_type=\"section\">\n\t\t\t\t\t\t<div class=\"elementor-container elementor-column-gap-default\">\n\t\t\t\t\t<div class=\"elementor-column elementor-col-100 elementor-top-column elementor-element elementor-element-7b8e9be4\" data-id=\"7b8e9be4\" data-element_type=\"column\">\n\t\t\t<div class=\"elementor-widget-wrap elementor-element-populated\">\n\t\t\t\t\t\t\t\t<div class=\"elementor-element elementor-element-c86704b elementor-widget elementor-widget-heading\" data-id=\"c86704b\" data-element_type=\"widget\" data-widget_type=\"heading.default\">\n\t\t\t\t<div class=\"elementor-widget-container\">\n\t\t\t<style>\/*! elementor - v3.15.0 - 20-08-2023 *\/\n.elementor-heading-title{padding:0;margin:0;line-height:1}.elementor-widget-heading .elementor-heading-title[class*=elementor-size-]>a{color:inherit;font-size:inherit;line-height:inherit}.elementor-widget-heading .elementor-heading-title.elementor-size-small{font-size:15px}.elementor-widget-heading .elementor-heading-title.elementor-size-medium{font-size:19px}.elementor-widget-heading .elementor-heading-title.elementor-size-large{font-size:29px}.elementor-widget-heading .elementor-heading-title.elementor-size-xl{font-size:39px}.elementor-widget-heading .elementor-heading-title.elementor-size-xxl{font-size:59px}<\/style><h2 class=\"elementor-heading-title elementor-size-default\">TELECARDIOLOGIA VETERIN\u00c1RIA<\/h2>\t\t<\/div>\n\t\t\t\t<\/div>\n\t\t\t\t<div class=\"elementor-element elementor-element-351d3dd2 elementor-widget__width-initial elementor-widget elementor-widget-text-editor\" data-id=\"351d3dd2\" data-element_type=\"widget\" data-widget_type=\"text-editor.default\">\n\t\t\t\t<div class=\"elementor-widget-container\">\n\t\t\t<style>\/*! elementor - v3.15.0 - 20-08-2023 *\/\n.elementor-widget-text-editor.elementor-drop-cap-view-stacked .elementor-drop-cap{background-color:#69727d;color:#fff}.elementor-widget-text-editor.elementor-drop-cap-view-framed .elementor-drop-cap{color:#69727d;border:3px solid;background-color:transparent}.elementor-widget-text-editor:not(.elementor-drop-cap-view-default) .elementor-drop-cap{margin-top:8px}.elementor-widget-text-editor:not(.elementor-drop-cap-view-default) .elementor-drop-cap-letter{width:1em;height:1em}.elementor-widget-text-editor .elementor-drop-cap{float:left;text-align:center;line-height:1;font-size:50px}.elementor-widget-text-editor .elementor-drop-cap-letter{display:inline-block}<\/style>\t\t\t\t<h3 style=\"text-align: center;\"><strong>Servi\u00e7o de laudos de eletrocardiograma on-line de animais de pequeno porte e animais silvestres.<\/strong><\/h3>\n<p>O servi\u00e7o de laudo veterin\u00e1rio a dist\u00e2ncia \u00e9 uma de nossas especialidades. Aqui na MobileVet voc\u00ea pode contar com nossa equipe de profissionais para laudar com precis\u00e3o os tra\u00e7ados adquiridos em cl\u00ednicas e hospitais veterin\u00e1rios.<\/p>\n<p>Nosso objetivo \u00e9 oferecer conforto e qualidade para estabelecimentos que possuem o aparelho de eletrocardiograma, mas que n\u00e3o contam com equipe especializada no local.<\/p>\n<h3>&nbsp;<\/h3>\n<h3>Como funciona nosso servi\u00e7o de telecardiologia veterin\u00e1ria<\/h3>\n<p>Os tra\u00e7ados registrados do paciente ser\u00e3o enviadas para nossa equipe em vers\u00e3o digital. E para oferecer o melhor diagn\u00f3stico para seu cliente, ser\u00e1 estipulado um canal de comunica\u00e7\u00e3o entre as equipes envolvidas para troca de informa\u00e7\u00f5es e detalhes pertinentes de cada caso.<\/p>\n<ol>\n<li>Envio digital do exame pelo cliente<\/li>\n<li>Avalia\u00e7\u00e3o do exame pela MobileVet<\/li>\n<li>Envio digital do laudo pela MobileVet<\/li>\n<\/ol>\n<h3>&nbsp;<\/h3>\n<h3>Benef\u00edcios da telecardiologia veterin\u00e1ria<\/h3>\n<ul>\n<li>Otimiza\u00e7\u00e3o de custos com equipe de especialistas<\/li>\n<li>Ganho de tempo no processo digital<\/li>\n<li>Fideliza\u00e7\u00e3o de seus clientes em manter a rotina de exames de diagn\u00f3stico de seus pacientes dentro do seu estabelecimento<\/li>\n<li>Orienta\u00e7\u00e3o e suporte de nossa equipe em casos espec\u00edficos<\/li>\n<li>Qualidade e pontualidade na entrega dos resultados<\/li>\n<li>Custo por demanda, independente da quantidade<\/li>\n<li>Atendemos todo o Brasil<\/li>\n<\/ul>\n<p><iframe loading=\"lazy\" src=\"\/\/www.youtube.com\/embed\/CuMQd7zOvmQ?t=20s\" width=\"560\" height=\"314\" allowfullscreen=\"allowfullscreen\"><\/iframe><\/p>\n<h3>&nbsp;<\/h3>\n<h3>Suporte e treinamento de equipes de telecardiologia veterin\u00e1ria<\/h3>\n<p>Nossa experi\u00eancia de mais de 15 anos no mercado, nos permite ajudar clientes e parceiros com nosso treinamento para realiza\u00e7\u00e3o do exame de eletrocardiograma (posicionamento dos eletrodos e an\u00e1lise b\u00e1sica do tra\u00e7ado eletrocardiogr\u00e1fico).<\/p>\n<p>Fale agora mesmo com nossa equipe e entenda como podemos te ajudar!<\/p>\t\t\t\t\t\t<\/div>\n\t\t\t\t<\/div>\n\t\t\t\t\t<\/div>\n\t\t<\/div>\n\t\t\t\t\t\t\t<\/div>\n\t\t<\/section>\n\t\t\t\t<section class=\"elementor-section elementor-top-section elementor-element elementor-element-bb03549 elementor-section-boxed elementor-section-height-default elementor-section-height-default\" data-id=\"bb03549\" data-element_type=\"section\">\n\t\t\t\t\t\t<div class=\"elementor-container elementor-column-gap-default\">\n\t\t\t\t\t<div class=\"elementor-column elementor-col-100 elementor-top-column elementor-element elementor-element-fac5b65\" data-id=\"fac5b65\" data-element_type=\"column\">\n\t\t\t<div class=\"elementor-widget-wrap elementor-element-populated\">\n\t\t\t\t\t\t\t\t<div class=\"elementor-element elementor-element-68ad7e1 elementor-align-center elementor-widget elementor-widget-button\" data-id=\"68ad7e1\" data-element_type=\"widget\" data-widget_type=\"button.default\">\n\t\t\t\t<div class=\"elementor-widget-container\">\n\t\t\t\t\t<div class=\"elementor-button-wrapper\">\n\t\t\t<a class=\"elementor-button elementor-button-link elementor-size-md\" href=\"https:\/\/mobilevet.com.br\/site\/contato\/\">\n\t\t\t\t\t\t<span class=\"elementor-button-content-wrapper\">\n\t\t\t\t\t\t<span class=\"elementor-button-text\">Clique aqui para falar conosco!<\/span>\n\t\t<\/span>\n\t\t\t\t\t<\/a>\n\t\t<\/div>\n\t\t\t\t<\/div>\n\t\t\t\t<\/div>\n\t\t\t\t\t<\/div>\n\t\t<\/div>\n\t\t\t\t\t\t\t<\/div>\n\t\t<\/section>\n\t\t\t\t\t\t\t<\/div>\n\t\t","protected":false},"excerpt":{"rendered":"<p>TELECARDIOLOGIA VETERIN\u00c1RIA Servi\u00e7o de laudos de eletrocardiograma on-line de animais de pequeno porte e animais silvestres. O servi\u00e7o de laudo veterin\u00e1rio a dist\u00e2ncia \u00e9 uma de<span class=\"excerpt-hellip\"> [\u2026]<\/span><\/p>\n","protected":false},"author":9,"featured_media":0,"parent":0,"menu_order":0,"comment_status":"open","ping_status":"open","template":"","meta":{"_joinchat":[]},"yoast_head":"<!-- This site is optimized with the Yoast SEO plugin v18.7 - https:\/\/yoast.com\/wordpress\/plugins\/seo\/ -->\n<title>- Mobile Vet<\/title>\n<meta name=\"robots\" content=\"index, follow, max-snippet:-1, max-image-preview:large, max-video-preview:-1\" \/>\n<link rel=\"canonical\" href=\"https:\/\/mobilevet.com.br\/site\/telecardiologia\/\" \/>\n<meta property=\"og:locale\" content=\"pt_BR\" \/>\n<meta property=\"og:type\" content=\"article\" \/>\n<meta property=\"og:title\" content=\"- Mobile Vet\" \/>\n<meta property=\"og:description\" content=\"TELECARDIOLOGIA VETERIN\u00c1RIA Servi\u00e7o de laudos de eletrocardiograma on-line de animais de pequeno porte e animais silvestres. O servi\u00e7o de laudo veterin\u00e1rio a dist\u00e2ncia \u00e9 uma de [\u2026]\" \/>\n<meta property=\"og:url\" content=\"https:\/\/mobilevet.com.br\/site\/telecardiologia\/\" \/>\n<meta property=\"og:site_name\" content=\"Mobile Vet\" \/>\n<meta property=\"article:modified_time\" content=\"2024-05-28T13:43:33+00:00\" \/>\n<meta name=\"twitter:card\" content=\"summary_large_image\" \/>\n<meta name=\"twitter:label1\" content=\"Est. tempo de leitura\" \/>\n\t<meta name=\"twitter:data1\" content=\"2 minutos\" \/>\n<script type=\"application\/ld+json\" class=\"yoast-schema-graph\">{\"@context\":\"https:\/\/schema.org\",\"@graph\":[{\"@type\":\"WebSite\",\"@id\":\"https:\/\/mobilevet.com.br\/site\/#website\",\"url\":\"https:\/\/mobilevet.com.br\/site\/\",\"name\":\"Mobile Vet\",\"description\":\"Exames de diagn\u00f3sticos veterin\u00e1rios e consultoria cardiol\u00f3gica\",\"potentialAction\":[{\"@type\":\"SearchAction\",\"target\":{\"@type\":\"EntryPoint\",\"urlTemplate\":\"https:\/\/mobilevet.com.br\/site\/?s={search_term_string}\"},\"query-input\":\"required name=search_term_string\"}],\"inLanguage\":\"pt-BR\"},{\"@type\":\"WebPage\",\"@id\":\"https:\/\/mobilevet.com.br\/site\/telecardiologia\/#webpage\",\"url\":\"https:\/\/mobilevet.com.br\/site\/telecardiologia\/\",\"name\":\"- Mobile Vet\",\"isPartOf\":{\"@id\":\"https:\/\/mobilevet.com.br\/site\/#website\"},\"datePublished\":\"2024-04-25T17:50:37+00:00\",\"dateModified\":\"2024-05-28T13:43:33+00:00\",\"breadcrumb\":{\"@id\":\"https:\/\/mobilevet.com.br\/site\/telecardiologia\/#breadcrumb\"},\"inLanguage\":\"pt-BR\",\"potentialAction\":[{\"@type\":\"ReadAction\",\"target\":[\"https:\/\/mobilevet.com.br\/site\/telecardiologia\/\"]}]},{\"@type\":\"BreadcrumbList\",\"@id\":\"https:\/\/mobilevet.com.br\/site\/telecardiologia\/#breadcrumb\",\"itemListElement\":[{\"@type\":\"ListItem\",\"position\":1,\"name\":\"In\u00edcio\",\"item\":\"https:\/\/mobilevet.com.br\/site\/\"},{\"@type\":\"ListItem\",\"position\":2,\"name\":\"Telecardiologia\"}]}]}<\/script>\n<!-- \/ Yoast SEO plugin. -->","yoast_head_json":{"title":"- Mobile Vet","robots":{"index":"index","follow":"follow","max-snippet":"max-snippet:-1","max-image-preview":"max-image-preview:large","max-video-preview":"max-video-preview:-1"},"canonical":"https:\/\/mobilevet.com.br\/site\/telecardiologia\/","og_locale":"pt_BR","og_type":"article","og_title":"- Mobile Vet","og_description":"TELECARDIOLOGIA VETERIN\u00c1RIA Servi\u00e7o de laudos de eletrocardiograma on-line de animais de pequeno porte e animais silvestres. O servi\u00e7o de laudo veterin\u00e1rio a dist\u00e2ncia \u00e9 uma de [\u2026]","og_url":"https:\/\/mobilevet.com.br\/site\/telecardiologia\/","og_site_name":"Mobile Vet","article_modified_time":"2024-05-28T13:43:33+00:00","twitter_card":"summary_large_image","twitter_misc":{"Est. tempo de leitura":"2 minutos"},"schema":{"@context":"https:\/\/schema.org","@graph":[{"@type":"WebSite","@id":"https:\/\/mobilevet.com.br\/site\/#website","url":"https:\/\/mobilevet.com.br\/site\/","name":"Mobile Vet","description":"Exames de diagn\u00f3sticos veterin\u00e1rios e consultoria cardiol\u00f3gica","potentialAction":[{"@type":"SearchAction","target":{"@type":"EntryPoint","urlTemplate":"https:\/\/mobilevet.com.br\/site\/?s={search_term_string}"},"query-input":"required name=search_term_string"}],"inLanguage":"pt-BR"},{"@type":"WebPage","@id":"https:\/\/mobilevet.com.br\/site\/telecardiologia\/#webpage","url":"https:\/\/mobilevet.com.br\/site\/telecardiologia\/","name":"- Mobile Vet","isPartOf":{"@id":"https:\/\/mobilevet.com.br\/site\/#website"},"datePublished":"2024-04-25T17:50:37+00:00","dateModified":"2024-05-28T13:43:33+00:00","breadcrumb":{"@id":"https:\/\/mobilevet.com.br\/site\/telecardiologia\/#breadcrumb"},"inLanguage":"pt-BR","potentialAction":[{"@type":"ReadAction","target":["https:\/\/mobilevet.com.br\/site\/telecardiologia\/"]}]},{"@type":"BreadcrumbList","@id":"https:\/\/mobilevet.com.br\/site\/telecardiologia\/#breadcrumb","itemListElement":[{"@type":"ListItem","position":1,"name":"In\u00edcio","item":"https:\/\/mobilevet.com.br\/site\/"},{"@type":"ListItem","position":2,"name":"Telecardiologia"}]}]}},"_links":{"self":[{"href":"https:\/\/mobilevet.com.br\/site\/wp-json\/wp\/v2\/pages\/2748"}],"collection":[{"href":"https:\/\/mobilevet.com.br\/site\/wp-json\/wp\/v2\/pages"}],"about":[{"href":"https:\/\/mobilevet.com.br\/site\/wp-json\/wp\/v2\/types\/page"}],"author":[{"embeddable":true,"href":"https:\/\/mobilevet.com.br\/site\/wp-json\/wp\/v2\/users\/9"}],"replies":[{"embeddable":true,"href":"https:\/\/mobilevet.com.br\/site\/wp-json\/wp\/v2\/comments?post=2748"}],"version-history":[{"count":17,"href":"https:\/\/mobilevet.com.br\/site\/wp-json\/wp\/v2\/pages\/2748\/revisions"}],"predecessor-version":[{"id":2814,"href":"https:\/\/mobilevet.com.br\/site\/wp-json\/wp\/v2\/pages\/2748\/revisions\/2814"}],"wp:attachment":[{"href":"https:\/\/mobilevet.com.br\/site\/wp-json\/wp\/v2\/media?parent=2748"}],"curies":[{"name":"wp","href":"https:\/\/api.w.org\/{rel}","templated":true}]}}