{"id":570,"date":"2018-08-04T11:26:16","date_gmt":"2018-08-04T14:26:16","guid":{"rendered":"https:\/\/mobilevet.com.br\/site\/?page_id=570"},"modified":"2024-04-25T14:39:26","modified_gmt":"2024-04-25T17:39:26","slug":"trabalhe-conosco","status":"publish","type":"page","link":"https:\/\/mobilevet.com.br\/site\/contato\/trabalhe-conosco\/","title":{"rendered":"Trabalhe conosco"},"content":{"rendered":"\t\t<div data-elementor-type=\"wp-page\" data-elementor-id=\"570\" class=\"elementor elementor-570\" data-elementor-post-type=\"page\">\n\t\t\t\t\t\t\t\t\t<section class=\"elementor-section elementor-top-section elementor-element elementor-element-263a3a52 elementor-section-boxed elementor-section-height-default elementor-section-height-default\" data-id=\"263a3a52\" data-element_type=\"section\">\n\t\t\t\t\t\t<div class=\"elementor-container elementor-column-gap-default\">\n\t\t\t\t\t<div class=\"elementor-column elementor-col-100 elementor-top-column elementor-element elementor-element-3185983f\" data-id=\"3185983f\" data-element_type=\"column\">\n\t\t\t<div class=\"elementor-widget-wrap elementor-element-populated\">\n\t\t\t\t\t\t\t\t<div class=\"elementor-element elementor-element-26ea27c elementor-widget elementor-widget-heading\" data-id=\"26ea27c\" data-element_type=\"widget\" data-widget_type=\"heading.default\">\n\t\t\t\t<div class=\"elementor-widget-container\">\n\t\t\t<style>\/*! elementor - v3.15.0 - 20-08-2023 *\/\n.elementor-heading-title{padding:0;margin:0;line-height:1}.elementor-widget-heading .elementor-heading-title[class*=elementor-size-]>a{color:inherit;font-size:inherit;line-height:inherit}.elementor-widget-heading .elementor-heading-title.elementor-size-small{font-size:15px}.elementor-widget-heading .elementor-heading-title.elementor-size-medium{font-size:19px}.elementor-widget-heading .elementor-heading-title.elementor-size-large{font-size:29px}.elementor-widget-heading .elementor-heading-title.elementor-size-xl{font-size:39px}.elementor-widget-heading .elementor-heading-title.elementor-size-xxl{font-size:59px}<\/style><h1 class=\"elementor-heading-title elementor-size-default\">Junte-se \u00e0 Equipe da MobileVet, seja um Veterin\u00e1rio de Diagn\u00f3stico Volante!<\/h1>\t\t<\/div>\n\t\t\t\t<\/div>\n\t\t\t\t<div class=\"elementor-element elementor-element-dbd02f5 elementor-widget elementor-widget-text-editor\" data-id=\"dbd02f5\" data-element_type=\"widget\" data-widget_type=\"text-editor.default\">\n\t\t\t\t<div class=\"elementor-widget-container\">\n\t\t\t<style>\/*! elementor - v3.15.0 - 20-08-2023 *\/\n.elementor-widget-text-editor.elementor-drop-cap-view-stacked .elementor-drop-cap{background-color:#69727d;color:#fff}.elementor-widget-text-editor.elementor-drop-cap-view-framed .elementor-drop-cap{color:#69727d;border:3px solid;background-color:transparent}.elementor-widget-text-editor:not(.elementor-drop-cap-view-default) .elementor-drop-cap{margin-top:8px}.elementor-widget-text-editor:not(.elementor-drop-cap-view-default) .elementor-drop-cap-letter{width:1em;height:1em}.elementor-widget-text-editor .elementor-drop-cap{float:left;text-align:center;line-height:1;font-size:50px}.elementor-widget-text-editor .elementor-drop-cap-letter{display:inline-block}<\/style>\t\t\t\t<p><span style=\"color: #000000;\">Voc\u00ea \u00e9 apaixonado por cuidar dos animais e est\u00e1 em busca de uma oportunidade que ofere\u00e7a flexibilidade, suporte e crescimento profissional? Ent\u00e3o, a MobileVet tem a posi\u00e7\u00e3o perfeita para voc\u00ea!<\/span><\/p><p><span style=\"color: #000000;\">Como veterin\u00e1rio de diagn\u00f3stico volante da MobileVet, <span style=\"color: #008080;\"><strong>voc\u00ea desfrutar\u00e1 de uma s\u00e9rie de vantagens exclusivas:<\/strong><\/span><\/span><\/p><ul><li><span style=\"color: #000000;\"><strong>Hor\u00e1rio flex\u00edvel:<\/strong> Adequamos o trabalho \u00e0s suas necessidades, permitindo que voc\u00ea tenha controle sobre o seu tempo e equilibre sua vida profissional e pessoal.<\/span><\/li><li><span style=\"color: #000000;\"><strong>Gest\u00e3o de agenda:<\/strong> N\u00e3o se preocupe com a organiza\u00e7\u00e3o dos exames. Nossa equipe cuidar\u00e1 de toda a log\u00edstica para que voc\u00ea possa se concentrar no que faz de melhor: cuidar dos pacientes.<\/span><\/li><li><span style=\"color: #000000;\"><strong>Plataforma de gest\u00e3o de laudos online:<\/strong> Acesse e gerencie os laudos dos exames de forma r\u00e1pida e conveniente, onde quer que esteja, atrav\u00e9s da nossa plataforma online.<\/span><\/li><li><span style=\"color: #000000;\"><strong>Assessoria t\u00e9cnica:<\/strong> Conte com o suporte de uma equipe especializada sempre que precisar. Estamos aqui para ajud\u00e1-lo a oferecer o melhor cuidado poss\u00edvel para os animais.<\/span><\/li><li><span style=\"color: #000000;\"><strong>Treinamento constante na \u00e1rea de diagn\u00f3stico por imagem:<\/strong> Mantenha-se atualizado com as \u00faltimas t\u00e9cnicas e tecnologias em diagn\u00f3stico por imagem atrav\u00e9s de nosso programa de treinamento cont\u00ednuo.<\/span><\/li><\/ul><p><span style=\"color: #000000;\">Na MobileVet, acreditamos em proporcionar um ambiente de trabalho colaborativo e gratificante, onde cada membro da equipe possa se destacar e crescer profissionalmente.<\/span><\/p><p><span style=\"color: #000000;\">Ao se juntar a n\u00f3s, voc\u00ea ter\u00e1 a tranquilidade de saber que o seu foco ser\u00e1 exclusivamente nos cuidados com os pacientes, enquanto n\u00f3s cuidamos do resto.<\/span><\/p>\t\t\t\t\t\t<\/div>\n\t\t\t\t<\/div>\n\t\t\t\t<div class=\"elementor-element elementor-element-3f8bb5df elementor-widget elementor-widget-text-editor\" data-id=\"3f8bb5df\" data-element_type=\"widget\" data-widget_type=\"text-editor.default\">\n\t\t\t\t<div class=\"elementor-widget-container\">\n\t\t\t\t\t\t\t<p><span style=\"color: #000000;\">Se voc\u00ea \u00e9 um veterin\u00e1rio comprometido, apaixonado e em busca de uma oportunidade \u00fanica, n\u00e3o perca tempo. Fa\u00e7a parte da fam\u00edlia MobileVet! <\/span><span style=\"color: #000000;\">Complete o cadastro e nos envie seu curr\u00edculo atualizado.<\/span><\/p><p><span style=\"color: #000000;\"><div role=\"form\" class=\"wpcf7\" id=\"wpcf7-f2462-o1\" lang=\"pt-BR\" dir=\"ltr\">\n<div class=\"screen-reader-response\"><p role=\"status\" aria-live=\"polite\" aria-atomic=\"true\"><\/p> <ul><\/ul><\/div>\n<form action=\"\/site\/wp-json\/wp\/v2\/pages\/570#wpcf7-f2462-o1\" method=\"post\" class=\"wpcf7-form init\" novalidate=\"novalidate\" data-status=\"init\">\n<div style=\"display: none;\">\n<input type=\"hidden\" name=\"_wpcf7\" value=\"2462\" \/>\n<input type=\"hidden\" name=\"_wpcf7_version\" value=\"5.6.3\" \/>\n<input type=\"hidden\" name=\"_wpcf7_locale\" value=\"pt_BR\" \/>\n<input type=\"hidden\" name=\"_wpcf7_unit_tag\" value=\"wpcf7-f2462-o1\" \/>\n<input type=\"hidden\" name=\"_wpcf7_container_post\" value=\"0\" \/>\n<input type=\"hidden\" name=\"_wpcf7_posted_data_hash\" value=\"\" \/>\n<\/div>\n<p><label> Nome completo<br \/>\n    <span class=\"wpcf7-form-control-wrap\" data-name=\"your-name\"><input type=\"text\" name=\"your-name\" value=\"\" size=\"40\" class=\"wpcf7-form-control wpcf7-text wpcf7-validates-as-required\" aria-required=\"true\" aria-invalid=\"false\" \/><\/span> <\/label><\/p>\n<p><label> Seu e-mail<br \/>\n    <span class=\"wpcf7-form-control-wrap\" data-name=\"your-email\"><input type=\"email\" name=\"your-email\" value=\"\" size=\"40\" class=\"wpcf7-form-control wpcf7-text wpcf7-email wpcf7-validates-as-required wpcf7-validates-as-email\" aria-required=\"true\" aria-invalid=\"false\" \/><\/span> <\/label><\/p>\n<p><label> DDD\/Telefone<br \/>\n    <span class=\"wpcf7-form-control-wrap\" data-name=\"telefone\"><input type=\"tel\" name=\"telefone\" value=\"\" size=\"40\" class=\"wpcf7-form-control wpcf7-text wpcf7-tel wpcf7-validates-as-required wpcf7-validates-as-tel\" aria-required=\"true\" aria-invalid=\"false\" \/><\/span> <\/label><\/p>\n<p><label> Endere\u00e7o completo<br \/>\n    <span class=\"wpcf7-form-control-wrap\" data-name=\"endereco\"><input type=\"text\" name=\"endereco\" value=\"\" size=\"40\" class=\"wpcf7-form-control wpcf7-text wpcf7-validates-as-required\" aria-required=\"true\" aria-invalid=\"false\" \/><\/span> <\/label><\/p>\n<p><label> Cidade<br \/>\n    <span class=\"wpcf7-form-control-wrap\" data-name=\"cidade\"><input type=\"text\" name=\"cidade\" value=\"\" size=\"40\" class=\"wpcf7-form-control wpcf7-text wpcf7-validates-as-required\" aria-required=\"true\" aria-invalid=\"false\" \/><\/span> <\/label><\/p>\n<p><label> Endere\u00e7o completo<br \/>\n    <span class=\"wpcf7-form-control-wrap\" data-name=\"estado\"><input type=\"text\" name=\"estado\" value=\"\" size=\"40\" class=\"wpcf7-form-control wpcf7-text wpcf7-validates-as-required\" aria-required=\"true\" aria-invalid=\"false\" \/><\/span> <\/label><\/p>\n<p><label> Educa\u00e7\u00e3o<br \/>\n    <span class=\"wpcf7-form-control-wrap\" data-name=\"educacao\"><input type=\"text\" name=\"educacao\" value=\"\" size=\"40\" class=\"wpcf7-form-control wpcf7-text wpcf7-validates-as-required\" aria-required=\"true\" aria-invalid=\"false\" \/><\/span> <\/label><\/p>\n<p><label> Experi\u00eancia Profissional<br \/>\n    <span class=\"wpcf7-form-control-wrap\" data-name=\"experiencia\"><input type=\"text\" name=\"experiencia\" value=\"\" size=\"40\" class=\"wpcf7-form-control wpcf7-text wpcf7-validates-as-required\" aria-required=\"true\" aria-invalid=\"false\" \/><\/span> <\/label><\/p>\n<p><label> Outros Cursos<br \/>\n    <span class=\"wpcf7-form-control-wrap\" data-name=\"outroscursos\"><input type=\"text\" name=\"outroscursos\" value=\"\" size=\"40\" class=\"wpcf7-form-control wpcf7-text wpcf7-validates-as-required\" aria-required=\"true\" aria-invalid=\"false\" \/><\/span> <\/label><\/p>\n<p><label> Observa\u00e7\u00f5es (opcional)<br \/>\n    <span class=\"wpcf7-form-control-wrap\" data-name=\"your-message\"><textarea name=\"your-message\" cols=\"40\" rows=\"10\" class=\"wpcf7-form-control wpcf7-textarea\" aria-invalid=\"false\"><\/textarea><\/span> <\/label><\/p>\n<p><input type=\"submit\" value=\"Enviar\" class=\"wpcf7-form-control has-spinner wpcf7-submit\" \/><\/p>\n<div class=\"wpcf7-response-output\" aria-hidden=\"true\"><\/div><\/form><\/div><\/span><\/p>\t\t\t\t\t\t<\/div>\n\t\t\t\t<\/div>\n\t\t\t\t\t<\/div>\n\t\t<\/div>\n\t\t\t\t\t\t\t<\/div>\n\t\t<\/section>\n\t\t\t\t\t\t\t<\/div>\n\t\t","protected":false},"excerpt":{"rendered":"<p>Junte-se \u00e0 Equipe da MobileVet, seja um Veterin\u00e1rio de Diagn\u00f3stico Volante! Voc\u00ea \u00e9 apaixonado por cuidar dos animais e est\u00e1 em busca de uma oportunidade que<span class=\"excerpt-hellip\"> [\u2026]<\/span><\/p>\n","protected":false},"author":9,"featured_media":0,"parent":53,"menu_order":0,"comment_status":"open","ping_status":"open","template":"","meta":{"_joinchat":[]},"yoast_head":"<!-- This site is optimized with the Yoast SEO plugin v18.7 - https:\/\/yoast.com\/wordpress\/plugins\/seo\/ -->\n<title>- Mobile Vet<\/title>\n<meta name=\"robots\" content=\"index, follow, max-snippet:-1, max-image-preview:large, max-video-preview:-1\" \/>\n<link rel=\"canonical\" href=\"https:\/\/mobilevet.com.br\/site\/contato\/trabalhe-conosco\/\" \/>\n<meta property=\"og:locale\" content=\"pt_BR\" \/>\n<meta property=\"og:type\" content=\"article\" \/>\n<meta property=\"og:title\" content=\"- Mobile Vet\" \/>\n<meta property=\"og:description\" content=\"Junte-se \u00e0 Equipe da MobileVet, seja um Veterin\u00e1rio de Diagn\u00f3stico Volante! Voc\u00ea \u00e9 apaixonado por cuidar dos animais e est\u00e1 em busca de uma oportunidade que [\u2026]\" \/>\n<meta property=\"og:url\" content=\"https:\/\/mobilevet.com.br\/site\/contato\/trabalhe-conosco\/\" \/>\n<meta property=\"og:site_name\" content=\"Mobile Vet\" \/>\n<meta property=\"article:modified_time\" content=\"2024-04-25T17:39:26+00:00\" \/>\n<meta name=\"twitter:card\" content=\"summary_large_image\" \/>\n<meta name=\"twitter:label1\" content=\"Est. tempo de leitura\" \/>\n\t<meta name=\"twitter:data1\" content=\"2 minutos\" \/>\n<script type=\"application\/ld+json\" class=\"yoast-schema-graph\">{\"@context\":\"https:\/\/schema.org\",\"@graph\":[{\"@type\":\"WebSite\",\"@id\":\"https:\/\/mobilevet.com.br\/site\/#website\",\"url\":\"https:\/\/mobilevet.com.br\/site\/\",\"name\":\"Mobile Vet\",\"description\":\"Exames de diagn\u00f3sticos veterin\u00e1rios e consultoria cardiol\u00f3gica\",\"potentialAction\":[{\"@type\":\"SearchAction\",\"target\":{\"@type\":\"EntryPoint\",\"urlTemplate\":\"https:\/\/mobilevet.com.br\/site\/?s={search_term_string}\"},\"query-input\":\"required name=search_term_string\"}],\"inLanguage\":\"pt-BR\"},{\"@type\":\"WebPage\",\"@id\":\"https:\/\/mobilevet.com.br\/site\/contato\/trabalhe-conosco\/#webpage\",\"url\":\"https:\/\/mobilevet.com.br\/site\/contato\/trabalhe-conosco\/\",\"name\":\"- Mobile Vet\",\"isPartOf\":{\"@id\":\"https:\/\/mobilevet.com.br\/site\/#website\"},\"datePublished\":\"2018-08-04T14:26:16+00:00\",\"dateModified\":\"2024-04-25T17:39:26+00:00\",\"breadcrumb\":{\"@id\":\"https:\/\/mobilevet.com.br\/site\/contato\/trabalhe-conosco\/#breadcrumb\"},\"inLanguage\":\"pt-BR\",\"potentialAction\":[{\"@type\":\"ReadAction\",\"target\":[\"https:\/\/mobilevet.com.br\/site\/contato\/trabalhe-conosco\/\"]}]},{\"@type\":\"BreadcrumbList\",\"@id\":\"https:\/\/mobilevet.com.br\/site\/contato\/trabalhe-conosco\/#breadcrumb\",\"itemListElement\":[{\"@type\":\"ListItem\",\"position\":1,\"name\":\"In\u00edcio\",\"item\":\"https:\/\/mobilevet.com.br\/site\/\"},{\"@type\":\"ListItem\",\"position\":2,\"name\":\"Contato\",\"item\":\"https:\/\/mobilevet.com.br\/site\/contato\/\"},{\"@type\":\"ListItem\",\"position\":3,\"name\":\"Trabalhe conosco\"}]}]}<\/script>\n<!-- \/ Yoast SEO plugin. -->","yoast_head_json":{"title":"- Mobile Vet","robots":{"index":"index","follow":"follow","max-snippet":"max-snippet:-1","max-image-preview":"max-image-preview:large","max-video-preview":"max-video-preview:-1"},"canonical":"https:\/\/mobilevet.com.br\/site\/contato\/trabalhe-conosco\/","og_locale":"pt_BR","og_type":"article","og_title":"- Mobile Vet","og_description":"Junte-se \u00e0 Equipe da MobileVet, seja um Veterin\u00e1rio de Diagn\u00f3stico Volante! Voc\u00ea \u00e9 apaixonado por cuidar dos animais e est\u00e1 em busca de uma oportunidade que [\u2026]","og_url":"https:\/\/mobilevet.com.br\/site\/contato\/trabalhe-conosco\/","og_site_name":"Mobile Vet","article_modified_time":"2024-04-25T17:39:26+00:00","twitter_card":"summary_large_image","twitter_misc":{"Est. tempo de leitura":"2 minutos"},"schema":{"@context":"https:\/\/schema.org","@graph":[{"@type":"WebSite","@id":"https:\/\/mobilevet.com.br\/site\/#website","url":"https:\/\/mobilevet.com.br\/site\/","name":"Mobile Vet","description":"Exames de diagn\u00f3sticos veterin\u00e1rios e consultoria cardiol\u00f3gica","potentialAction":[{"@type":"SearchAction","target":{"@type":"EntryPoint","urlTemplate":"https:\/\/mobilevet.com.br\/site\/?s={search_term_string}"},"query-input":"required name=search_term_string"}],"inLanguage":"pt-BR"},{"@type":"WebPage","@id":"https:\/\/mobilevet.com.br\/site\/contato\/trabalhe-conosco\/#webpage","url":"https:\/\/mobilevet.com.br\/site\/contato\/trabalhe-conosco\/","name":"- Mobile Vet","isPartOf":{"@id":"https:\/\/mobilevet.com.br\/site\/#website"},"datePublished":"2018-08-04T14:26:16+00:00","dateModified":"2024-04-25T17:39:26+00:00","breadcrumb":{"@id":"https:\/\/mobilevet.com.br\/site\/contato\/trabalhe-conosco\/#breadcrumb"},"inLanguage":"pt-BR","potentialAction":[{"@type":"ReadAction","target":["https:\/\/mobilevet.com.br\/site\/contato\/trabalhe-conosco\/"]}]},{"@type":"BreadcrumbList","@id":"https:\/\/mobilevet.com.br\/site\/contato\/trabalhe-conosco\/#breadcrumb","itemListElement":[{"@type":"ListItem","position":1,"name":"In\u00edcio","item":"https:\/\/mobilevet.com.br\/site\/"},{"@type":"ListItem","position":2,"name":"Contato","item":"https:\/\/mobilevet.com.br\/site\/contato\/"},{"@type":"ListItem","position":3,"name":"Trabalhe conosco"}]}]}},"_links":{"self":[{"href":"https:\/\/mobilevet.com.br\/site\/wp-json\/wp\/v2\/pages\/570"}],"collection":[{"href":"https:\/\/mobilevet.com.br\/site\/wp-json\/wp\/v2\/pages"}],"about":[{"href":"https:\/\/mobilevet.com.br\/site\/wp-json\/wp\/v2\/types\/page"}],"author":[{"embeddable":true,"href":"https:\/\/mobilevet.com.br\/site\/wp-json\/wp\/v2\/users\/9"}],"replies":[{"embeddable":true,"href":"https:\/\/mobilevet.com.br\/site\/wp-json\/wp\/v2\/comments?post=570"}],"version-history":[{"count":19,"href":"https:\/\/mobilevet.com.br\/site\/wp-json\/wp\/v2\/pages\/570\/revisions"}],"predecessor-version":[{"id":2747,"href":"https:\/\/mobilevet.com.br\/site\/wp-json\/wp\/v2\/pages\/570\/revisions\/2747"}],"up":[{"embeddable":true,"href":"https:\/\/mobilevet.com.br\/site\/wp-json\/wp\/v2\/pages\/53"}],"wp:attachment":[{"href":"https:\/\/mobilevet.com.br\/site\/wp-json\/wp\/v2\/media?parent=570"}],"curies":[{"name":"wp","href":"https:\/\/api.w.org\/{rel}","templated":true}]}}