{"id":654,"date":"2018-09-10T17:47:43","date_gmt":"2018-09-10T20:47:43","guid":{"rendered":"https:\/\/mobilevet.com.br\/site\/?page_id=654"},"modified":"2018-09-10T17:47:43","modified_gmt":"2018-09-10T20:47:43","slug":"radiologia-digital","status":"publish","type":"page","link":"https:\/\/mobilevet.com.br\/site\/radiologia-digital\/","title":{"rendered":"Radiologia Digital"},"content":{"rendered":"<p><strong>Regi\u00f5es que podem ser avaliadas:<\/strong><\/p>\n<ul>\n<li>T\u00f3rax;<\/li>\n<li>Abd\u00f4men;<\/li>\n<li>Coluna vertebral;<\/li>\n<li>Membros tor\u00e1cicos e p\u00e9lvicos;<\/li>\n<li>Cr\u00e2nio.<\/li>\n<\/ul>\n<p><strong>Indica\u00e7\u00f5es:<\/strong><\/p>\n<ul>\n<li>Dispn\u00e9ia;<\/li>\n<li>Pesquisa de met\u00e1stase pulmonar;<\/li>\n<li>Suspeita de efus\u00e3o pleural.<\/li>\n<li>Pesquisa de lit\u00edase vesical;<\/li>\n<li>Pesquisa de corpo estranho em trato gastrintestinal;<\/li>\n<li>Discopatias;<\/li>\n<li>Displasia;<\/li>\n<li>Doen\u00e7as articulares;<\/li>\n<li>Neoplasia \u00f3ssea;<\/li>\n<li>Osteomielite;<\/li>\n<li>Fraturas \u00f3sseas;<\/li>\n<li>Luxa\u00e7\u00f5es;<\/li>\n<li>Sinusite;<\/li>\n<\/ul>\n<p><strong>Vantagens:\u00a0<\/strong><\/p>\n<ul>\n<li>Indolor;<\/li>\n<li>N\u00e3o invasivo.<\/li>\n<\/ul>\n<p><strong>Limita\u00e7\u00f5es:\u00a0<\/strong><\/p>\n<ul>\n<li>Nem sempre permite diagn\u00f3stico definitivo;<\/li>\n<li>Pacientes agitados;<\/li>\n<li>Pacientes com dor;<\/li>\n<li>Taquipn\u00e9ia.<\/li>\n<\/ul>\n","protected":false},"excerpt":{"rendered":"<p>Regi\u00f5es que podem ser avaliadas: T\u00f3rax; Abd\u00f4men; Coluna vertebral; Membros tor\u00e1cicos e p\u00e9lvicos; Cr\u00e2nio. Indica\u00e7\u00f5es: Dispn\u00e9ia; Pesquisa de met\u00e1stase pulmonar; Suspeita de efus\u00e3o pleural. Pesquisa de<span class=\"excerpt-hellip\"> [\u2026]<\/span><\/p>\n","protected":false},"author":4,"featured_media":0,"parent":0,"menu_order":0,"comment_status":"open","ping_status":"open","template":"","meta":{"_joinchat":[]},"yoast_head":"<!-- This site is optimized with the Yoast SEO plugin v18.7 - https:\/\/yoast.com\/wordpress\/plugins\/seo\/ -->\n<title>- Mobile Vet<\/title>\n<meta name=\"robots\" content=\"index, follow, max-snippet:-1, max-image-preview:large, max-video-preview:-1\" \/>\n<link rel=\"canonical\" href=\"https:\/\/mobilevet.com.br\/site\/radiologia-digital\/\" \/>\n<meta property=\"og:locale\" content=\"pt_BR\" \/>\n<meta property=\"og:type\" content=\"article\" \/>\n<meta property=\"og:title\" content=\"- Mobile Vet\" \/>\n<meta property=\"og:description\" content=\"Regi\u00f5es que podem ser avaliadas: T\u00f3rax; Abd\u00f4men; Coluna vertebral; Membros tor\u00e1cicos e p\u00e9lvicos; Cr\u00e2nio. Indica\u00e7\u00f5es: Dispn\u00e9ia; Pesquisa de met\u00e1stase pulmonar; Suspeita de efus\u00e3o pleural. Pesquisa de [\u2026]\" \/>\n<meta property=\"og:url\" content=\"https:\/\/mobilevet.com.br\/site\/radiologia-digital\/\" \/>\n<meta property=\"og:site_name\" content=\"Mobile Vet\" \/>\n<meta name=\"twitter:card\" content=\"summary_large_image\" \/>\n<script type=\"application\/ld+json\" class=\"yoast-schema-graph\">{\"@context\":\"https:\/\/schema.org\",\"@graph\":[{\"@type\":\"WebSite\",\"@id\":\"https:\/\/mobilevet.com.br\/site\/#website\",\"url\":\"https:\/\/mobilevet.com.br\/site\/\",\"name\":\"Mobile Vet\",\"description\":\"Exames de diagn\u00f3sticos veterin\u00e1rios e consultoria cardiol\u00f3gica\",\"potentialAction\":[{\"@type\":\"SearchAction\",\"target\":{\"@type\":\"EntryPoint\",\"urlTemplate\":\"https:\/\/mobilevet.com.br\/site\/?s={search_term_string}\"},\"query-input\":\"required name=search_term_string\"}],\"inLanguage\":\"pt-BR\"},{\"@type\":\"WebPage\",\"@id\":\"https:\/\/mobilevet.com.br\/site\/radiologia-digital\/#webpage\",\"url\":\"https:\/\/mobilevet.com.br\/site\/radiologia-digital\/\",\"name\":\"- Mobile Vet\",\"isPartOf\":{\"@id\":\"https:\/\/mobilevet.com.br\/site\/#website\"},\"datePublished\":\"2018-09-10T20:47:43+00:00\",\"dateModified\":\"2018-09-10T20:47:43+00:00\",\"breadcrumb\":{\"@id\":\"https:\/\/mobilevet.com.br\/site\/radiologia-digital\/#breadcrumb\"},\"inLanguage\":\"pt-BR\",\"potentialAction\":[{\"@type\":\"ReadAction\",\"target\":[\"https:\/\/mobilevet.com.br\/site\/radiologia-digital\/\"]}]},{\"@type\":\"BreadcrumbList\",\"@id\":\"https:\/\/mobilevet.com.br\/site\/radiologia-digital\/#breadcrumb\",\"itemListElement\":[{\"@type\":\"ListItem\",\"position\":1,\"name\":\"In\u00edcio\",\"item\":\"https:\/\/mobilevet.com.br\/site\/\"},{\"@type\":\"ListItem\",\"position\":2,\"name\":\"Radiologia Digital\"}]}]}<\/script>\n<!-- \/ Yoast SEO plugin. -->","yoast_head_json":{"title":"- Mobile Vet","robots":{"index":"index","follow":"follow","max-snippet":"max-snippet:-1","max-image-preview":"max-image-preview:large","max-video-preview":"max-video-preview:-1"},"canonical":"https:\/\/mobilevet.com.br\/site\/radiologia-digital\/","og_locale":"pt_BR","og_type":"article","og_title":"- Mobile Vet","og_description":"Regi\u00f5es que podem ser avaliadas: T\u00f3rax; Abd\u00f4men; Coluna vertebral; Membros tor\u00e1cicos e p\u00e9lvicos; Cr\u00e2nio. Indica\u00e7\u00f5es: Dispn\u00e9ia; Pesquisa de met\u00e1stase pulmonar; Suspeita de efus\u00e3o pleural. Pesquisa de [\u2026]","og_url":"https:\/\/mobilevet.com.br\/site\/radiologia-digital\/","og_site_name":"Mobile Vet","twitter_card":"summary_large_image","schema":{"@context":"https:\/\/schema.org","@graph":[{"@type":"WebSite","@id":"https:\/\/mobilevet.com.br\/site\/#website","url":"https:\/\/mobilevet.com.br\/site\/","name":"Mobile Vet","description":"Exames de diagn\u00f3sticos veterin\u00e1rios e consultoria cardiol\u00f3gica","potentialAction":[{"@type":"SearchAction","target":{"@type":"EntryPoint","urlTemplate":"https:\/\/mobilevet.com.br\/site\/?s={search_term_string}"},"query-input":"required name=search_term_string"}],"inLanguage":"pt-BR"},{"@type":"WebPage","@id":"https:\/\/mobilevet.com.br\/site\/radiologia-digital\/#webpage","url":"https:\/\/mobilevet.com.br\/site\/radiologia-digital\/","name":"- Mobile Vet","isPartOf":{"@id":"https:\/\/mobilevet.com.br\/site\/#website"},"datePublished":"2018-09-10T20:47:43+00:00","dateModified":"2018-09-10T20:47:43+00:00","breadcrumb":{"@id":"https:\/\/mobilevet.com.br\/site\/radiologia-digital\/#breadcrumb"},"inLanguage":"pt-BR","potentialAction":[{"@type":"ReadAction","target":["https:\/\/mobilevet.com.br\/site\/radiologia-digital\/"]}]},{"@type":"BreadcrumbList","@id":"https:\/\/mobilevet.com.br\/site\/radiologia-digital\/#breadcrumb","itemListElement":[{"@type":"ListItem","position":1,"name":"In\u00edcio","item":"https:\/\/mobilevet.com.br\/site\/"},{"@type":"ListItem","position":2,"name":"Radiologia Digital"}]}]}},"_links":{"self":[{"href":"https:\/\/mobilevet.com.br\/site\/wp-json\/wp\/v2\/pages\/654"}],"collection":[{"href":"https:\/\/mobilevet.com.br\/site\/wp-json\/wp\/v2\/pages"}],"about":[{"href":"https:\/\/mobilevet.com.br\/site\/wp-json\/wp\/v2\/types\/page"}],"author":[{"embeddable":true,"href":"https:\/\/mobilevet.com.br\/site\/wp-json\/wp\/v2\/users\/4"}],"replies":[{"embeddable":true,"href":"https:\/\/mobilevet.com.br\/site\/wp-json\/wp\/v2\/comments?post=654"}],"version-history":[{"count":1,"href":"https:\/\/mobilevet.com.br\/site\/wp-json\/wp\/v2\/pages\/654\/revisions"}],"predecessor-version":[{"id":655,"href":"https:\/\/mobilevet.com.br\/site\/wp-json\/wp\/v2\/pages\/654\/revisions\/655"}],"wp:attachment":[{"href":"https:\/\/mobilevet.com.br\/site\/wp-json\/wp\/v2\/media?parent=654"}],"curies":[{"name":"wp","href":"https:\/\/api.w.org\/{rel}","templated":true}]}}