{"id":657,"date":"2018-09-10T17:53:09","date_gmt":"2018-09-10T20:53:09","guid":{"rendered":"https:\/\/mobilevet.com.br\/site\/?page_id=657"},"modified":"2024-04-24T09:44:05","modified_gmt":"2024-04-24T12:44:05","slug":"ultrassompetsnaoconvencionais","status":"publish","type":"page","link":"https:\/\/mobilevet.com.br\/site\/ultrassompetsnaoconvencionais\/","title":{"rendered":"Ultrassom em Pets n\u00e3o Convencionais"},"content":{"rendered":"\t\t<div data-elementor-type=\"wp-page\" data-elementor-id=\"657\" class=\"elementor elementor-657\" data-elementor-post-type=\"page\">\n\t\t\t\t\t\t\t\t\t<section class=\"elementor-section elementor-top-section elementor-element elementor-element-1d4d5bb8 elementor-section-boxed elementor-section-height-default elementor-section-height-default\" data-id=\"1d4d5bb8\" data-element_type=\"section\">\n\t\t\t\t\t\t<div class=\"elementor-container elementor-column-gap-default\">\n\t\t\t\t\t<div class=\"elementor-column elementor-col-100 elementor-top-column elementor-element elementor-element-322dab0e\" data-id=\"322dab0e\" data-element_type=\"column\">\n\t\t\t<div class=\"elementor-widget-wrap elementor-element-populated\">\n\t\t\t\t\t\t\t\t<div class=\"elementor-element elementor-element-30ac2a1b elementor-widget elementor-widget-text-editor\" data-id=\"30ac2a1b\" data-element_type=\"widget\" data-widget_type=\"text-editor.default\">\n\t\t\t\t<div class=\"elementor-widget-container\">\n\t\t\t<style>\/*! elementor - v3.15.0 - 20-08-2023 *\/\n.elementor-widget-text-editor.elementor-drop-cap-view-stacked .elementor-drop-cap{background-color:#69727d;color:#fff}.elementor-widget-text-editor.elementor-drop-cap-view-framed .elementor-drop-cap{color:#69727d;border:3px solid;background-color:transparent}.elementor-widget-text-editor:not(.elementor-drop-cap-view-default) .elementor-drop-cap{margin-top:8px}.elementor-widget-text-editor:not(.elementor-drop-cap-view-default) .elementor-drop-cap-letter{width:1em;height:1em}.elementor-widget-text-editor .elementor-drop-cap{float:left;text-align:center;line-height:1;font-size:50px}.elementor-widget-text-editor .elementor-drop-cap-letter{display:inline-block}<\/style>\t\t\t\t<p>\u00a0<\/p><p>Ultrassom em Pets n\u00e3o Convencionais<\/p>\t\t\t\t\t\t<\/div>\n\t\t\t\t<\/div>\n\t\t\t\t\t<\/div>\n\t\t<\/div>\n\t\t\t\t\t\t\t<\/div>\n\t\t<\/section>\n\t\t\t\t<section class=\"elementor-section elementor-top-section elementor-element elementor-element-3e1f83b elementor-section-boxed elementor-section-height-default elementor-section-height-default\" data-id=\"3e1f83b\" data-element_type=\"section\">\n\t\t\t\t\t\t<div class=\"elementor-container elementor-column-gap-default\">\n\t\t\t\t\t<div class=\"elementor-column elementor-col-100 elementor-top-column elementor-element elementor-element-a607471\" data-id=\"a607471\" data-element_type=\"column\">\n\t\t\t<div class=\"elementor-widget-wrap elementor-element-populated\">\n\t\t\t\t\t\t\t\t<div class=\"elementor-element elementor-element-454e5b2 elementor-widget elementor-widget-text-editor\" data-id=\"454e5b2\" data-element_type=\"widget\" data-widget_type=\"text-editor.default\">\n\t\t\t\t<div class=\"elementor-widget-container\">\n\t\t\t\t\t\t\t<p><strong><span style=\"color: #000000;\">Somos especialistas em diagn\u00f3stico veterin\u00e1rio, e agora nossa equipe est\u00e1 preparada para atender pets n\u00e3o convencionais em seu estabelecimento.<\/span><\/strong><\/p>\t\t\t\t\t\t<\/div>\n\t\t\t\t<\/div>\n\t\t\t\t<div class=\"elementor-element elementor-element-fe84f63 elementor-widget elementor-widget-text-editor\" data-id=\"fe84f63\" data-element_type=\"widget\" data-widget_type=\"text-editor.default\">\n\t\t\t\t<div class=\"elementor-widget-container\">\n\t\t\t\t\t\t\t<p><span style=\"color: #000000;\">Na MobileVet, estamos constantemente buscando maneiras de aprimorar nossos servi\u00e7os e oferecer o melhor cuidado poss\u00edvel para todos os animais de estima\u00e7\u00e3o. E agora nossa equipe est\u00e1 pronta para realizar o ultrassom em pets n\u00e3o convencionais!<\/span><\/p><p><span style=\"color: #000000;\">Sabemos que cada animal \u00e9 \u00fanico, e entendemos a import\u00e2ncia de fornecer cuidados especializados, independentemente de sua esp\u00e9cie. Com o nosso novo servi\u00e7o de ultrassom, agora podemos oferecer diagn\u00f3sticos precisos e eficazes para uma ampla variedade de animais n\u00e3o tradicionais.<\/span><\/p><p><span style=\"color: #000000;\">Os benef\u00edcios do ultrassom para pets n\u00e3o convencionais s\u00e3o in\u00fameros. Al\u00e9m de permitir diagn\u00f3sticos precoces e precisos, o servi\u00e7o oferece conveni\u00eancia e conforto para seus pacientes. Nossa equipe altamente qualificada trar\u00e1 o equipamento de ultrassom diretamente para a sua cl\u00ednica veterin\u00e1ria ou at\u00e9 mesmo para a sua casa, eliminando a necessidade de transporte estressante para o paciente.<\/span><\/p><p><span style=\"color: #000000;\">Ao escolher a MobileVet para o ultrassom do seu pet n\u00e3o convencional, voc\u00ea pode ter certeza de que est\u00e1 recebendo cuidados da mais alta qualidade. Nossa equipe experiente est\u00e1 comprometida em fornecer um atendimento personalizado.<\/span><\/p><p><span style=\"color: #000000;\">Na MobileVet, estamos sempre prontos para cuidar dos animais de estima\u00e7\u00e3o, sejam eles grandes, pequenos, convencionais e n\u00e3o convencionais.<\/span><\/p>\t\t\t\t\t\t<\/div>\n\t\t\t\t<\/div>\n\t\t\t\t\t<\/div>\n\t\t<\/div>\n\t\t\t\t\t\t\t<\/div>\n\t\t<\/section>\n\t\t\t\t<section class=\"elementor-section elementor-top-section elementor-element elementor-element-6330efc elementor-section-boxed elementor-section-height-default elementor-section-height-default\" data-id=\"6330efc\" data-element_type=\"section\">\n\t\t\t\t\t\t<div class=\"elementor-container elementor-column-gap-default\">\n\t\t\t\t\t<div class=\"elementor-column elementor-col-100 elementor-top-column elementor-element elementor-element-66841ee\" data-id=\"66841ee\" data-element_type=\"column\">\n\t\t\t<div class=\"elementor-widget-wrap elementor-element-populated\">\n\t\t\t\t\t\t\t\t<div class=\"elementor-element elementor-element-c56020e elementor-align-center elementor-widget elementor-widget-button\" data-id=\"c56020e\" data-element_type=\"widget\" data-widget_type=\"button.default\">\n\t\t\t\t<div class=\"elementor-widget-container\">\n\t\t\t\t\t<div class=\"elementor-button-wrapper\">\n\t\t\t<a class=\"elementor-button elementor-button-link elementor-size-sm\" href=\"https:\/\/mobilevet.com.br\/site\/contato\/\">\n\t\t\t\t\t\t<span class=\"elementor-button-content-wrapper\">\n\t\t\t\t\t\t<span class=\"elementor-button-text\">Clique aqui para falar com nossa equipe<\/span>\n\t\t<\/span>\n\t\t\t\t\t<\/a>\n\t\t<\/div>\n\t\t\t\t<\/div>\n\t\t\t\t<\/div>\n\t\t\t\t\t<\/div>\n\t\t<\/div>\n\t\t\t\t\t\t\t<\/div>\n\t\t<\/section>\n\t\t\t\t<section class=\"elementor-section elementor-top-section elementor-element elementor-element-67fea56 elementor-section-boxed elementor-section-height-default elementor-section-height-default\" data-id=\"67fea56\" data-element_type=\"section\">\n\t\t\t\t\t\t<div class=\"elementor-container elementor-column-gap-default\">\n\t\t\t\t\t<div class=\"elementor-column elementor-col-100 elementor-top-column elementor-element elementor-element-f7390d5\" data-id=\"f7390d5\" data-element_type=\"column\">\n\t\t\t<div class=\"elementor-widget-wrap elementor-element-populated\">\n\t\t\t\t\t\t\t\t<div class=\"elementor-element elementor-element-5912b79 elementor-widget elementor-widget-image\" data-id=\"5912b79\" data-element_type=\"widget\" data-widget_type=\"image.default\">\n\t\t\t\t<div class=\"elementor-widget-container\">\n\t\t\t<style>\/*! elementor - v3.15.0 - 20-08-2023 *\/\n.elementor-widget-image{text-align:center}.elementor-widget-image a{display:inline-block}.elementor-widget-image a img[src$=\".svg\"]{width:48px}.elementor-widget-image img{vertical-align:middle;display:inline-block}<\/style>\t\t\t\t\t\t\t\t\t\t\t\t<img width=\"975\" height=\"325\" src=\"https:\/\/mobilevet.com.br\/site\/wp-content\/uploads\/2024\/04\/pets-na\u0303o-convencionais2.png\" class=\"attachment-large size-large wp-image-2720\" alt=\"\" loading=\"lazy\" srcset=\"https:\/\/mobilevet.com.br\/site\/wp-content\/uploads\/2024\/04\/pets-na\u0303o-convencionais2.png 975w, https:\/\/mobilevet.com.br\/site\/wp-content\/uploads\/2024\/04\/pets-na\u0303o-convencionais2-300x100.png 300w, https:\/\/mobilevet.com.br\/site\/wp-content\/uploads\/2024\/04\/pets-na\u0303o-convencionais2-768x256.png 768w, https:\/\/mobilevet.com.br\/site\/wp-content\/uploads\/2024\/04\/pets-na\u0303o-convencionais2-260x87.png 260w, https:\/\/mobilevet.com.br\/site\/wp-content\/uploads\/2024\/04\/pets-na\u0303o-convencionais2-50x17.png 50w, https:\/\/mobilevet.com.br\/site\/wp-content\/uploads\/2024\/04\/pets-na\u0303o-convencionais2-150x50.png 150w\" sizes=\"(max-width: 975px) 100vw, 975px\" \/>\t\t\t\t\t\t\t\t\t\t\t\t\t\t\t<\/div>\n\t\t\t\t<\/div>\n\t\t\t\t\t<\/div>\n\t\t<\/div>\n\t\t\t\t\t\t\t<\/div>\n\t\t<\/section>\n\t\t\t\t\t\t\t<\/div>\n\t\t","protected":false},"excerpt":{"rendered":"<p>\u00a0 Ultrassom em Pets n\u00e3o Convencionais Somos especialistas em diagn\u00f3stico veterin\u00e1rio, e agora nossa equipe est\u00e1 preparada para atender pets n\u00e3o convencionais em seu estabelecimento. Na<span class=\"excerpt-hellip\"> [\u2026]<\/span><\/p>\n","protected":false},"author":9,"featured_media":0,"parent":0,"menu_order":0,"comment_status":"open","ping_status":"open","template":"","meta":{"_joinchat":[]},"yoast_head":"<!-- This site is optimized with the Yoast SEO plugin v18.7 - https:\/\/yoast.com\/wordpress\/plugins\/seo\/ -->\n<title>Ultrassom em Pets n\u00e3o Convencionais<\/title>\n<meta name=\"description\" content=\"Somos especialistas em diagn\u00f3stico veterin\u00e1rio, e agora nossa equipe est\u00e1 preparada para atender pets n\u00e3o convencionais...\" \/>\n<meta name=\"robots\" content=\"index, follow, max-snippet:-1, max-image-preview:large, max-video-preview:-1\" \/>\n<link rel=\"canonical\" href=\"https:\/\/mobilevet.com.br\/site\/ultrassompetsnaoconvencionais\/\" \/>\n<meta property=\"og:locale\" content=\"pt_BR\" \/>\n<meta property=\"og:type\" content=\"article\" \/>\n<meta property=\"og:title\" content=\"Ultrassom em Pets n\u00e3o Convencionais\" \/>\n<meta property=\"og:description\" content=\"Somos especialistas em diagn\u00f3stico veterin\u00e1rio, e agora nossa equipe est\u00e1 preparada para atender pets n\u00e3o convencionais...\" \/>\n<meta property=\"og:url\" content=\"https:\/\/mobilevet.com.br\/site\/ultrassompetsnaoconvencionais\/\" \/>\n<meta property=\"og:site_name\" content=\"Mobile Vet\" \/>\n<meta property=\"article:modified_time\" content=\"2024-04-24T12:44:05+00:00\" \/>\n<meta name=\"twitter:card\" content=\"summary_large_image\" \/>\n<meta name=\"twitter:label1\" content=\"Est. tempo de leitura\" \/>\n\t<meta name=\"twitter:data1\" content=\"2 minutos\" \/>\n<script type=\"application\/ld+json\" class=\"yoast-schema-graph\">{\"@context\":\"https:\/\/schema.org\",\"@graph\":[{\"@type\":\"WebSite\",\"@id\":\"https:\/\/mobilevet.com.br\/site\/#website\",\"url\":\"https:\/\/mobilevet.com.br\/site\/\",\"name\":\"Mobile Vet\",\"description\":\"Exames de diagn\u00f3sticos veterin\u00e1rios e consultoria cardiol\u00f3gica\",\"potentialAction\":[{\"@type\":\"SearchAction\",\"target\":{\"@type\":\"EntryPoint\",\"urlTemplate\":\"https:\/\/mobilevet.com.br\/site\/?s={search_term_string}\"},\"query-input\":\"required name=search_term_string\"}],\"inLanguage\":\"pt-BR\"},{\"@type\":\"WebPage\",\"@id\":\"https:\/\/mobilevet.com.br\/site\/ultrassompetsnaoconvencionais\/#webpage\",\"url\":\"https:\/\/mobilevet.com.br\/site\/ultrassompetsnaoconvencionais\/\",\"name\":\"Ultrassom em Pets n\u00e3o Convencionais\",\"isPartOf\":{\"@id\":\"https:\/\/mobilevet.com.br\/site\/#website\"},\"datePublished\":\"2018-09-10T20:53:09+00:00\",\"dateModified\":\"2024-04-24T12:44:05+00:00\",\"description\":\"Somos especialistas em diagn\u00f3stico veterin\u00e1rio, e agora nossa equipe est\u00e1 preparada para atender pets n\u00e3o convencionais...\",\"breadcrumb\":{\"@id\":\"https:\/\/mobilevet.com.br\/site\/ultrassompetsnaoconvencionais\/#breadcrumb\"},\"inLanguage\":\"pt-BR\",\"potentialAction\":[{\"@type\":\"ReadAction\",\"target\":[\"https:\/\/mobilevet.com.br\/site\/ultrassompetsnaoconvencionais\/\"]}]},{\"@type\":\"BreadcrumbList\",\"@id\":\"https:\/\/mobilevet.com.br\/site\/ultrassompetsnaoconvencionais\/#breadcrumb\",\"itemListElement\":[{\"@type\":\"ListItem\",\"position\":1,\"name\":\"In\u00edcio\",\"item\":\"https:\/\/mobilevet.com.br\/site\/\"},{\"@type\":\"ListItem\",\"position\":2,\"name\":\"Ultrassom em Pets n\u00e3o Convencionais\"}]}]}<\/script>\n<!-- \/ Yoast SEO plugin. -->","yoast_head_json":{"title":"Ultrassom em Pets n\u00e3o Convencionais","description":"Somos especialistas em diagn\u00f3stico veterin\u00e1rio, e agora nossa equipe est\u00e1 preparada para atender pets n\u00e3o convencionais...","robots":{"index":"index","follow":"follow","max-snippet":"max-snippet:-1","max-image-preview":"max-image-preview:large","max-video-preview":"max-video-preview:-1"},"canonical":"https:\/\/mobilevet.com.br\/site\/ultrassompetsnaoconvencionais\/","og_locale":"pt_BR","og_type":"article","og_title":"Ultrassom em Pets n\u00e3o Convencionais","og_description":"Somos especialistas em diagn\u00f3stico veterin\u00e1rio, e agora nossa equipe est\u00e1 preparada para atender pets n\u00e3o convencionais...","og_url":"https:\/\/mobilevet.com.br\/site\/ultrassompetsnaoconvencionais\/","og_site_name":"Mobile Vet","article_modified_time":"2024-04-24T12:44:05+00:00","twitter_card":"summary_large_image","twitter_misc":{"Est. tempo de leitura":"2 minutos"},"schema":{"@context":"https:\/\/schema.org","@graph":[{"@type":"WebSite","@id":"https:\/\/mobilevet.com.br\/site\/#website","url":"https:\/\/mobilevet.com.br\/site\/","name":"Mobile Vet","description":"Exames de diagn\u00f3sticos veterin\u00e1rios e consultoria cardiol\u00f3gica","potentialAction":[{"@type":"SearchAction","target":{"@type":"EntryPoint","urlTemplate":"https:\/\/mobilevet.com.br\/site\/?s={search_term_string}"},"query-input":"required name=search_term_string"}],"inLanguage":"pt-BR"},{"@type":"WebPage","@id":"https:\/\/mobilevet.com.br\/site\/ultrassompetsnaoconvencionais\/#webpage","url":"https:\/\/mobilevet.com.br\/site\/ultrassompetsnaoconvencionais\/","name":"Ultrassom em Pets n\u00e3o Convencionais","isPartOf":{"@id":"https:\/\/mobilevet.com.br\/site\/#website"},"datePublished":"2018-09-10T20:53:09+00:00","dateModified":"2024-04-24T12:44:05+00:00","description":"Somos especialistas em diagn\u00f3stico veterin\u00e1rio, e agora nossa equipe est\u00e1 preparada para atender pets n\u00e3o convencionais...","breadcrumb":{"@id":"https:\/\/mobilevet.com.br\/site\/ultrassompetsnaoconvencionais\/#breadcrumb"},"inLanguage":"pt-BR","potentialAction":[{"@type":"ReadAction","target":["https:\/\/mobilevet.com.br\/site\/ultrassompetsnaoconvencionais\/"]}]},{"@type":"BreadcrumbList","@id":"https:\/\/mobilevet.com.br\/site\/ultrassompetsnaoconvencionais\/#breadcrumb","itemListElement":[{"@type":"ListItem","position":1,"name":"In\u00edcio","item":"https:\/\/mobilevet.com.br\/site\/"},{"@type":"ListItem","position":2,"name":"Ultrassom em Pets n\u00e3o Convencionais"}]}]}},"_links":{"self":[{"href":"https:\/\/mobilevet.com.br\/site\/wp-json\/wp\/v2\/pages\/657"}],"collection":[{"href":"https:\/\/mobilevet.com.br\/site\/wp-json\/wp\/v2\/pages"}],"about":[{"href":"https:\/\/mobilevet.com.br\/site\/wp-json\/wp\/v2\/types\/page"}],"author":[{"embeddable":true,"href":"https:\/\/mobilevet.com.br\/site\/wp-json\/wp\/v2\/users\/9"}],"replies":[{"embeddable":true,"href":"https:\/\/mobilevet.com.br\/site\/wp-json\/wp\/v2\/comments?post=657"}],"version-history":[{"count":42,"href":"https:\/\/mobilevet.com.br\/site\/wp-json\/wp\/v2\/pages\/657\/revisions"}],"predecessor-version":[{"id":2732,"href":"https:\/\/mobilevet.com.br\/site\/wp-json\/wp\/v2\/pages\/657\/revisions\/2732"}],"wp:attachment":[{"href":"https:\/\/mobilevet.com.br\/site\/wp-json\/wp\/v2\/media?parent=657"}],"curies":[{"name":"wp","href":"https:\/\/api.w.org\/{rel}","templated":true}]}}