{"id":771,"date":"2019-08-23T09:41:11","date_gmt":"2019-08-23T12:41:11","guid":{"rendered":"https:\/\/mobilevet.com.br\/site\/?page_id=771"},"modified":"2024-04-25T14:58:05","modified_gmt":"2024-04-25T17:58:05","slug":"servicos","status":"publish","type":"page","link":"https:\/\/mobilevet.com.br\/site\/servicos\/","title":{"rendered":"Servi\u00e7os"},"content":{"rendered":"\t\t<div data-elementor-type=\"wp-page\" data-elementor-id=\"771\" class=\"elementor elementor-771\" data-elementor-post-type=\"page\">\n\t\t\t\t\t\t\t\t\t<section class=\"elementor-section elementor-top-section elementor-element elementor-element-183cadca elementor-section-boxed elementor-section-height-default elementor-section-height-default\" data-id=\"183cadca\" data-element_type=\"section\">\n\t\t\t\t\t\t<div class=\"elementor-container elementor-column-gap-default\">\n\t\t\t\t\t<div class=\"elementor-column elementor-col-100 elementor-top-column elementor-element elementor-element-514c66d7\" data-id=\"514c66d7\" data-element_type=\"column\">\n\t\t\t<div class=\"elementor-widget-wrap elementor-element-populated\">\n\t\t\t\t\t\t\t\t<div class=\"elementor-element elementor-element-6dedc689 elementor-widget elementor-widget-text-editor\" data-id=\"6dedc689\" data-element_type=\"widget\" data-widget_type=\"text-editor.default\">\n\t\t\t\t<div class=\"elementor-widget-container\">\n\t\t\t<style>\/*! elementor - v3.15.0 - 20-08-2023 *\/\n.elementor-widget-text-editor.elementor-drop-cap-view-stacked .elementor-drop-cap{background-color:#69727d;color:#fff}.elementor-widget-text-editor.elementor-drop-cap-view-framed .elementor-drop-cap{color:#69727d;border:3px solid;background-color:transparent}.elementor-widget-text-editor:not(.elementor-drop-cap-view-default) .elementor-drop-cap{margin-top:8px}.elementor-widget-text-editor:not(.elementor-drop-cap-view-default) .elementor-drop-cap-letter{width:1em;height:1em}.elementor-widget-text-editor .elementor-drop-cap{float:left;text-align:center;line-height:1;font-size:50px}.elementor-widget-text-editor .elementor-drop-cap-letter{display:inline-block}<\/style>\t\t\t\t<h1><span style=\"color: #008080;\"><strong>EXAMES QUE A MOBILEVET REALIZA<\/strong><\/span><\/h1><table style=\"width: 48.4101%; height: 649px;\" cellspacing=\"12\" cellpadding=\"12\"><tbody><tr style=\"height: 67px;\"><td style=\"width: 13.8182%; height: 67px;\"><a href=\"https:\/\/mobilevet.com.br\/site\/pressao-arterial\"><img loading=\"lazy\" class=\"alignleft wp-image-769 size-full\" src=\"https:\/\/mobilevet.com.br\/site\/wp-content\/uploads\/2014\/02\/pressao_arterial-mobilevet.png\" alt=\"\" width=\"77\" height=\"67\" \/><\/a><\/td><td style=\"vertical-align: middle; width: 58.3636%; height: 67px; text-align: left;\"><p><span style=\"color: #008080;\"><a style=\"color: #008080;\" href=\"https:\/\/mobilevet.com.br\/site\/pressao-arterial\">Aferi\u00e7\u00e3o da Press\u00e3o Arterial<\/a><\/span><\/p><\/td><\/tr><tr><td style=\"width: 13.8182%;\"><span style=\"color: #008080;\"><a style=\"color: #008080;\" href=\"https:\/\/mobilevet.com.br\/site\/ecodopplercardiograma\"><img loading=\"lazy\" src=\"https:\/\/mobilevet.com.br\/site\/wp-content\/uploads\/2019\/08\/Ecoddoplercardiograma-mobilevet.png\" alt=\"\" width=\"77\" height=\"67\" \/><\/a><\/span><\/td><td style=\"width: 58.3636%; text-align: left;\"><p style=\"text-align: left;\"><span style=\"color: #008080;\"><a style=\"color: #008080;\" href=\"https:\/\/mobilevet.com.br\/site\/ecodopplercardiograma\">Ecodopplercardiograma<\/a><\/span><\/p><\/td><\/tr><tr><td style=\"width: 13.8182%;\"><span style=\"color: #008080;\"><a style=\"color: #008080;\" href=\"https:\/\/mobilevet.com.br\/site\/eletrocardiograma\"><img loading=\"lazy\" src=\"https:\/\/mobilevet.com.br\/site\/wp-content\/uploads\/2019\/08\/Eletrocardiograma-mobilevet.png\" alt=\"\" width=\"77\" height=\"67\" \/><\/a><\/span><\/td><td style=\"width: 58.3636%; text-align: left;\"><p><span style=\"color: #008080;\"><a style=\"color: #008080;\" href=\"https:\/\/mobilevet.com.br\/site\/eletrocardiograma\">Eletrocardiograma<\/a><\/span><\/p><\/td><\/tr><tr><td style=\"width: 13.8182%;\"><span style=\"color: #008080;\"><a style=\"color: #008080;\" href=\"https:\/\/mobilevet.com.br\/site\/eletrocardiograma-a-distancia\"><img loading=\"lazy\" src=\"https:\/\/mobilevet.com.br\/site\/wp-content\/uploads\/2019\/08\/Eletro_distancia-mobilevet.png\" alt=\"\" width=\"77\" height=\"67\" \/><\/a><\/span><\/td><td style=\"width: 58.3636%; text-align: left;\"><p><span style=\"color: #008080;\"><a style=\"color: #008080;\" href=\"https:\/\/mobilevet.com.br\/site\/eletrocardiograma-a-distancia\">Eletrocardiograma a Dist\u00e2ncia<\/a><\/span><\/p><\/td><\/tr><tr><td style=\"width: 13.8182%;\"><span style=\"color: #008080;\"><a style=\"color: #008080;\" href=\"https:\/\/mobilevet.com.br\/site\/radiologia-digital\"><img loading=\"lazy\" src=\"https:\/\/mobilevet.com.br\/site\/wp-content\/uploads\/2019\/08\/radiologia-mobilevet.png\" alt=\"\" width=\"77\" height=\"67\" \/><\/a><\/span><\/td><td style=\"width: 58.3636%; text-align: left;\"><p><span style=\"color: #008080;\"><a style=\"color: #008080;\" href=\"https:\/\/mobilevet.com.br\/site\/radiologia-digital\">Radiologia Digital<\/a><\/span><\/p><\/td><\/tr><tr><td style=\"width: 13.8182%;\"><span style=\"color: #008080;\"><a style=\"color: #008080;\" href=\"https:\/\/mobilevet.com.br\/site\/telerradiologia\"><img loading=\"lazy\" src=\"https:\/\/mobilevet.com.br\/site\/wp-content\/uploads\/2019\/08\/teleradiologia-mobilevet.png\" alt=\"\" width=\"77\" height=\"67\" \/><\/a><\/span><\/td><td style=\"width: 58.3636%; text-align: left;\"><p><span style=\"color: #008080;\"><a style=\"color: #008080;\" href=\"https:\/\/mobilevet.com.br\/site\/telerradiologia\">Telerradiologia<\/a><\/span><\/p><\/td><\/tr><tr><td style=\"width: 13.8182%;\"><span style=\"color: #008080;\"><a style=\"color: #008080;\" href=\"https:\/\/mobilevet.com.br\/site\/telerradiologia\"><img loading=\"lazy\" src=\"https:\/\/mobilevet.com.br\/site\/wp-content\/uploads\/2019\/08\/teleradiologia-mobilevet.png\" alt=\"\" width=\"77\" height=\"67\" \/><\/a><\/span><\/td><td style=\"width: 58.3636%; text-align: left;\"><p><a href=\"https:\/\/mobilevet.com.br\/site\/telecardiologia\/\"><span style=\"color: #008080;\">Telecardiologia<\/span><\/a><\/p><\/td><\/tr><tr><td style=\"width: 13.8182%;\"><span style=\"color: #008080;\"><a style=\"color: #008080;\" href=\"https:\/\/mobilevet.com.br\/site\/ultrassonografia-cervical\"><img loading=\"lazy\" src=\"https:\/\/mobilevet.com.br\/site\/wp-content\/uploads\/2019\/08\/ultra-cervical-mobilevet.png\" alt=\"\" width=\"77\" height=\"66\" \/><\/a><\/span><\/td><td style=\"width: 58.3636%; text-align: left;\"><p><span style=\"color: #008080;\"><a style=\"color: #008080;\" href=\"https:\/\/mobilevet.com.br\/site\/ultrassonografia-cervical\">Ultrassonografia Cervical<\/a><\/span><\/p><\/td><\/tr><tr><td style=\"text-align: left; width: 13.8182%;\"><span style=\"color: #008080;\"><a style=\"color: #008080;\" href=\"https:\/\/mobilevet.com.br\/site\/ultrassonografia-toracica\"><img loading=\"lazy\" src=\"https:\/\/mobilevet.com.br\/site\/wp-content\/uploads\/2019\/08\/ultra-toracica.png\" alt=\"\" width=\"77\" height=\"66\" \/><\/a><\/span><\/td><td style=\"width: 58.3636%; text-align: left;\"><p style=\"text-align: left;\"><span style=\"color: #008080;\"><a style=\"color: #008080;\" href=\"https:\/\/mobilevet.com.br\/site\/ultrassonografia-toracica\">Ultrassonografia Tor\u00e1cica<\/a><\/span><\/p><\/td><\/tr><\/tbody><\/table><h1><strong><span style=\"color: #72bcbd;\"><br \/><span style=\"color: #008080;\">PROCEDIMENTOS QUE A MOBILEVET REALIZA<\/span><\/span><\/strong><\/h1><table style=\"width: 48.3604%;\" cellspacing=\"12\" cellpadding=\"12\"><tbody><tr><td style=\"width: 11.0895%;\"><a href=\"https:\/\/mobilevet.com.br\/site\/abdominocentese\"><img loading=\"lazy\" class=\"alignleft wp-image-768 size-full\" src=\"https:\/\/mobilevet.com.br\/site\/wp-content\/uploads\/2014\/02\/abdominocentese-mobilevet.png\" alt=\"\" width=\"77\" height=\"67\" \/><\/a><\/td><td style=\"vertical-align: middle; width: 65.5815%; text-align: left;\"><p><span style=\"color: #008080;\"><a style=\"color: #008080;\" href=\"https:\/\/mobilevet.com.br\/site\/abdominocentese\">Abdominocentese<\/a><\/span><\/p><\/td><\/tr><tr><td style=\"width: 11.0895%;\"><a href=\"https:\/\/mobilevet.com.br\/site\/cistocentese\"><img loading=\"lazy\" class=\"alignleft wp-image-770 size-full\" src=\"https:\/\/mobilevet.com.br\/site\/wp-content\/uploads\/2014\/02\/cistocentese-mobilevet.png\" alt=\"\" width=\"77\" height=\"67\" \/><\/a><\/td><td style=\"vertical-align: middle; width: 65.5815%; text-align: left;\"><p><span style=\"color: #008080;\"><a style=\"color: #008080;\" href=\"https:\/\/mobilevet.com.br\/site\/cistocentese\">Cistocentese<\/a><\/span><\/p><\/td><\/tr><tr><td style=\"width: 11.0895%;\"><a href=\"https:\/\/mobilevet.com.br\/site\/citologia-guiada-por-ultrassom\"><img loading=\"lazy\" class=\"alignleft wp-image-793 size-full\" src=\"https:\/\/mobilevet.com.br\/site\/wp-content\/uploads\/2019\/08\/Citologia_guiada-mobilevet.png\" alt=\"\" width=\"77\" height=\"67\" \/><\/a><\/td><td style=\"vertical-align: middle; width: 65.5815%; text-align: left;\"><p><span style=\"color: #008080;\"><a style=\"color: #008080;\" href=\"https:\/\/mobilevet.com.br\/site\/citologia-guiada-por-ultrassom\">Citologia Guiada por Ultrassom<\/a><\/span><\/p><\/td><\/tr><tr><td style=\"width: 11.0895%;\"><a href=\"https:\/\/mobilevet.com.br\/site\/pericardiocentese\"><img loading=\"lazy\" class=\"alignleft wp-image-782 size-full\" src=\"https:\/\/mobilevet.com.br\/site\/wp-content\/uploads\/2019\/08\/pericardiocentese-mobilevet.png\" alt=\"\" width=\"77\" height=\"67\" \/><\/a><\/td><td style=\"vertical-align: middle; width: 65.5815%; text-align: left;\"><p><span style=\"color: #008080;\"><a style=\"color: #008080;\" href=\"https:\/\/mobilevet.com.br\/site\/pericardiocentese\">Pericardiocentese<\/a><\/span><\/p><\/td><\/tr><tr><td style=\"width: 11.0895%;\"><a href=\"https:\/\/mobilevet.com.br\/site\/toracocentese\"><img loading=\"lazy\" class=\"alignleft wp-image-785 size-full\" src=\"https:\/\/mobilevet.com.br\/site\/wp-content\/uploads\/2019\/08\/toracocentese-mobilevet.png\" alt=\"\" width=\"77\" height=\"67\" \/><\/a><\/td><td style=\"vertical-align: middle; width: 65.5815%; text-align: left;\"><p><span style=\"color: #008080;\"><a style=\"color: #008080;\" href=\"https:\/\/mobilevet.com.br\/site\/toracocentese\">Toracocentese<\/a><\/span><\/p><\/td><\/tr><\/tbody><\/table><h1>\u00a0<\/h1><h1><strong><span style=\"color: #72bcbd;\"><span style=\"color: #008080;\">ESPECIALIDADES QUE MOBILEVET ATENDE<\/span><br \/><\/span><\/strong><\/h1><table style=\"width: 57.184%; height: 732px;\" cellspacing=\"12\" cellpadding=\"12\"><tbody><tr style=\"height: 62px;\"><td style=\"width: 17.432%; height: 62px;\"><a href=\"https:\/\/mobilevet.com.br\/site\/acupuntura\"><img loading=\"lazy\" class=\"alignleft wp-image-829 size-full\" src=\"https:\/\/mobilevet.com.br\/site\/wp-content\/uploads\/2019\/08\/acupuntura-mobilevet.png\" alt=\"\" width=\"77\" height=\"67\" \/><\/a><\/td><td style=\"text-align: left; vertical-align: middle; width: 127.992%; height: 62px;\"><p><a href=\"https:\/\/mobilevet.com.br\/site\/acupuntura\"><span style=\"color: #5c9798;\">Acupuntura<\/span><\/a><\/p><\/td><\/tr><tr style=\"height: 67px;\"><td style=\"width: 17.432%; height: 67px;\"><a href=\"https:\/\/mobilevet.com.br\/site\/consultoria-cardiologica\"><img loading=\"lazy\" class=\"alignleft wp-image-773 size-full\" src=\"https:\/\/mobilevet.com.br\/site\/wp-content\/uploads\/2019\/08\/cardiologia-mobilevet.png\" alt=\"\" width=\"77\" height=\"67\" \/><\/a><\/td><td style=\"text-align: left; vertical-align: middle; width: 127.992%; height: 67px;\"><p><a href=\"https:\/\/mobilevet.com.br\/site\/consultoria-cardiologica\"><span style=\"color: #5c9798;\">Cardiologia<\/span><\/a><\/p><\/td><\/tr><tr style=\"height: 67px;\"><td style=\"width: 17.432%; height: 67px;\"><a href=\"https:\/\/mobilevet.com.br\/site\/wp-content\/uploads\/2019\/08\/dermatologia-mobilevet.png\"><img loading=\"lazy\" class=\"alignleft wp-image-830 size-full\" src=\"https:\/\/mobilevet.com.br\/site\/wp-content\/uploads\/2019\/08\/dermatologia-mobilevet.png\" alt=\"\" width=\"77\" height=\"67\" \/><\/a><\/td><td style=\"text-align: left; vertical-align: middle; width: 127.992%; height: 67px;\"><p><a href=\"https:\/\/mobilevet.com.br\/site\/dermatologia-veterinaria\"><span style=\"color: #5c9798;\">Dermatologia<\/span><\/a><\/p><\/td><\/tr><tr style=\"height: 67px;\"><td style=\"width: 17.432%; height: 67px;\"><a href=\"https:\/\/mobilevet.com.br\/site\/endocrinologia\"><img loading=\"lazy\" class=\"alignleft wp-image-831 size-full\" src=\"https:\/\/mobilevet.com.br\/site\/wp-content\/uploads\/2019\/08\/endocrinologia-mobilevet.png\" alt=\"\" width=\"77\" height=\"67\" \/><\/a><\/td><td style=\"text-align: left; vertical-align: middle; width: 127.992%; height: 67px;\"><p><a href=\"https:\/\/mobilevet.com.br\/site\/endocrinologia\"><span style=\"color: #5c9798;\">Endocrinologia<\/span><\/a><\/p><\/td><\/tr><tr style=\"height: 67px;\"><td style=\"width: 17.432%; height: 67px;\"><a href=\"https:\/\/mobilevet.com.br\/site\/especialista-em-felinos\"><img loading=\"lazy\" class=\"alignleft wp-image-832 size-full\" src=\"https:\/\/mobilevet.com.br\/site\/wp-content\/uploads\/2019\/08\/felinos-mobilevet.png\" alt=\"\" width=\"77\" height=\"67\" \/><\/a><\/td><td style=\"text-align: left; vertical-align: middle; width: 127.992%; height: 67px;\"><p><a href=\"https:\/\/mobilevet.com.br\/site\/especialista-em-felinos\"><span style=\"color: #5c9798;\">Felinos<\/span><\/a><\/p><\/td><\/tr><tr style=\"height: 67px;\"><td style=\"width: 17.432%; height: 67px;\"><a href=\"https:\/\/mobilevet.com.br\/site\/wp-content\/uploads\/2019\/08\/fisioterapia-mobilevet.png\"><img loading=\"lazy\" class=\"alignleft wp-image-833 size-full\" src=\"https:\/\/mobilevet.com.br\/site\/wp-content\/uploads\/2019\/08\/fisioterapia-mobilevet.png\" alt=\"\" width=\"77\" height=\"66\" \/><\/a><\/td><td style=\"text-align: left; vertical-align: middle; width: 127.992%; height: 67px;\"><p><span style=\"color: #5c9798;\">Fisioterapia<\/span><\/p><\/td><\/tr><tr style=\"height: 67px;\"><td style=\"width: 17.432%; height: 67px;\"><a href=\"https:\/\/mobilevet.com.br\/site\/nefrologia\"><img loading=\"lazy\" class=\"alignleft wp-image-778 size-full\" src=\"https:\/\/mobilevet.com.br\/site\/wp-content\/uploads\/2019\/08\/nefrologia-mobilevet.png\" alt=\"\" width=\"77\" height=\"67\" \/><\/a><\/td><td style=\"text-align: left; vertical-align: middle; width: 127.992%; height: 67px;\"><p><a href=\"https:\/\/mobilevet.com.br\/site\/nefrologia\"><span style=\"color: #5c9798;\">Nefrologia<\/span><\/a><\/p><\/td><\/tr><tr style=\"height: 67px;\"><td style=\"width: 17.432%; height: 67px;\"><a href=\"https:\/\/mobilevet.com.br\/site\/nutrologia\"><img loading=\"lazy\" class=\"alignleft wp-image-779 size-full\" src=\"https:\/\/mobilevet.com.br\/site\/wp-content\/uploads\/2019\/08\/nutrologia-mobilevet.png\" alt=\"\" width=\"77\" height=\"67\" \/><\/a><\/td><td style=\"text-align: left; vertical-align: middle; width: 127.992%; height: 67px;\"><p><a href=\"https:\/\/mobilevet.com.br\/site\/nutrologia\"><span style=\"color: #5c9798;\">Nutrologia<\/span><\/a><\/p><\/td><\/tr><tr style=\"height: 67px;\"><td style=\"width: 17.432%; height: 67px;\"><a href=\"https:\/\/mobilevet.com.br\/site\/odontologia\"><img loading=\"lazy\" class=\"alignleft wp-image-780 size-full\" src=\"https:\/\/mobilevet.com.br\/site\/wp-content\/uploads\/2019\/08\/odontologia-mobilevet.png\" alt=\"\" width=\"77\" height=\"67\" \/><\/a><\/td><td style=\"text-align: left; vertical-align: middle; width: 127.992%; height: 67px;\"><p><a href=\"https:\/\/mobilevet.com.br\/site\/odontologia\"><span style=\"color: #5c9798;\">Odontologia<\/span><\/a><\/p><\/td><\/tr><tr style=\"height: 67px;\"><td style=\"width: 17.432%; height: 67px;\"><a href=\"https:\/\/mobilevet.com.br\/site\/wp-content\/uploads\/2019\/08\/oftalmologia-mobilevet.png\"><img loading=\"lazy\" class=\"alignleft wp-image-834 size-full\" src=\"https:\/\/mobilevet.com.br\/site\/wp-content\/uploads\/2019\/08\/oftalmologia-mobilevet.png\" alt=\"\" width=\"77\" height=\"66\" \/><\/a><\/td><td style=\"text-align: left; vertical-align: middle; width: 127.992%; height: 67px;\"><p><a href=\"https:\/\/mobilevet.com.br\/site\/oftalmologia-veterinaria\"><span style=\"color: #5c9798;\">Oftalmologia<\/span><\/a><\/p><\/td><\/tr><tr style=\"height: 67px;\"><td style=\"width: 17.432%; height: 67px;\"><a href=\"https:\/\/mobilevet.com.br\/site\/oncologia\"><img loading=\"lazy\" class=\"alignleft wp-image-781 size-full\" src=\"https:\/\/mobilevet.com.br\/site\/wp-content\/uploads\/2019\/08\/oncologia-mobilevet.png\" alt=\"\" width=\"77\" height=\"67\" \/><\/a><\/td><td style=\"text-align: left; vertical-align: middle; width: 127.992%; height: 67px;\"><p><a href=\"https:\/\/mobilevet.com.br\/site\/oncologia\"><span style=\"color: #5c9798;\">Oncologia<\/span><\/a><\/p><\/td><\/tr><\/tbody><\/table>\t\t\t\t\t\t<\/div>\n\t\t\t\t<\/div>\n\t\t\t\t\t<\/div>\n\t\t<\/div>\n\t\t\t\t\t\t\t<\/div>\n\t\t<\/section>\n\t\t\t\t\t\t\t<\/div>\n\t\t","protected":false},"excerpt":{"rendered":"<p>EXAMES QUE A MOBILEVET REALIZA Aferi\u00e7\u00e3o da Press\u00e3o Arterial Ecodopplercardiograma Eletrocardiograma Eletrocardiograma a Dist\u00e2ncia Radiologia Digital Telerradiologia Telecardiologia Ultrassonografia Cervical Ultrassonografia Tor\u00e1cica PROCEDIMENTOS QUE A MOBILEVET<span class=\"excerpt-hellip\"> [\u2026]<\/span><\/p>\n","protected":false},"author":9,"featured_media":0,"parent":0,"menu_order":0,"comment_status":"open","ping_status":"closed","template":"","meta":{"_joinchat":[]},"yoast_head":"<!-- This site is optimized with the Yoast SEO plugin v18.7 - https:\/\/yoast.com\/wordpress\/plugins\/seo\/ -->\n<title>- Mobile Vet<\/title>\n<meta name=\"robots\" content=\"index, follow, max-snippet:-1, max-image-preview:large, max-video-preview:-1\" \/>\n<link rel=\"canonical\" href=\"https:\/\/mobilevet.com.br\/site\/servicos\/\" \/>\n<meta property=\"og:locale\" content=\"pt_BR\" \/>\n<meta property=\"og:type\" content=\"article\" \/>\n<meta property=\"og:title\" content=\"- Mobile Vet\" \/>\n<meta property=\"og:description\" content=\"EXAMES QUE A MOBILEVET REALIZA Aferi\u00e7\u00e3o da Press\u00e3o Arterial Ecodopplercardiograma Eletrocardiograma Eletrocardiograma a Dist\u00e2ncia Radiologia Digital Telerradiologia Telecardiologia Ultrassonografia Cervical Ultrassonografia Tor\u00e1cica PROCEDIMENTOS QUE A MOBILEVET [\u2026]\" \/>\n<meta property=\"og:url\" content=\"https:\/\/mobilevet.com.br\/site\/servicos\/\" \/>\n<meta property=\"og:site_name\" content=\"Mobile Vet\" \/>\n<meta property=\"article:modified_time\" content=\"2024-04-25T17:58:05+00:00\" \/>\n<meta property=\"og:image\" content=\"https:\/\/mobilevet.com.br\/site\/wp-content\/uploads\/2014\/02\/pressao_arterial-mobilevet.png\" \/>\n<meta name=\"twitter:card\" content=\"summary_large_image\" \/>\n<meta name=\"twitter:label1\" content=\"Est. tempo de leitura\" \/>\n\t<meta name=\"twitter:data1\" content=\"6 minutos\" \/>\n<script type=\"application\/ld+json\" class=\"yoast-schema-graph\">{\"@context\":\"https:\/\/schema.org\",\"@graph\":[{\"@type\":\"WebSite\",\"@id\":\"https:\/\/mobilevet.com.br\/site\/#website\",\"url\":\"https:\/\/mobilevet.com.br\/site\/\",\"name\":\"Mobile Vet\",\"description\":\"Exames de diagn\u00f3sticos veterin\u00e1rios e consultoria cardiol\u00f3gica\",\"potentialAction\":[{\"@type\":\"SearchAction\",\"target\":{\"@type\":\"EntryPoint\",\"urlTemplate\":\"https:\/\/mobilevet.com.br\/site\/?s={search_term_string}\"},\"query-input\":\"required name=search_term_string\"}],\"inLanguage\":\"pt-BR\"},{\"@type\":\"ImageObject\",\"inLanguage\":\"pt-BR\",\"@id\":\"https:\/\/mobilevet.com.br\/site\/servicos\/#primaryimage\",\"url\":\"https:\/\/mobilevet.com.br\/site\/wp-content\/uploads\/2014\/02\/pressao_arterial-mobilevet.png\",\"contentUrl\":\"https:\/\/mobilevet.com.br\/site\/wp-content\/uploads\/2014\/02\/pressao_arterial-mobilevet.png\",\"width\":77,\"height\":67},{\"@type\":\"WebPage\",\"@id\":\"https:\/\/mobilevet.com.br\/site\/servicos\/#webpage\",\"url\":\"https:\/\/mobilevet.com.br\/site\/servicos\/\",\"name\":\"- Mobile Vet\",\"isPartOf\":{\"@id\":\"https:\/\/mobilevet.com.br\/site\/#website\"},\"primaryImageOfPage\":{\"@id\":\"https:\/\/mobilevet.com.br\/site\/servicos\/#primaryimage\"},\"datePublished\":\"2019-08-23T12:41:11+00:00\",\"dateModified\":\"2024-04-25T17:58:05+00:00\",\"breadcrumb\":{\"@id\":\"https:\/\/mobilevet.com.br\/site\/servicos\/#breadcrumb\"},\"inLanguage\":\"pt-BR\",\"potentialAction\":[{\"@type\":\"ReadAction\",\"target\":[\"https:\/\/mobilevet.com.br\/site\/servicos\/\"]}]},{\"@type\":\"BreadcrumbList\",\"@id\":\"https:\/\/mobilevet.com.br\/site\/servicos\/#breadcrumb\",\"itemListElement\":[{\"@type\":\"ListItem\",\"position\":1,\"name\":\"In\u00edcio\",\"item\":\"https:\/\/mobilevet.com.br\/site\/\"},{\"@type\":\"ListItem\",\"position\":2,\"name\":\"Servi\u00e7os\"}]}]}<\/script>\n<!-- \/ Yoast SEO plugin. -->","yoast_head_json":{"title":"- Mobile Vet","robots":{"index":"index","follow":"follow","max-snippet":"max-snippet:-1","max-image-preview":"max-image-preview:large","max-video-preview":"max-video-preview:-1"},"canonical":"https:\/\/mobilevet.com.br\/site\/servicos\/","og_locale":"pt_BR","og_type":"article","og_title":"- Mobile Vet","og_description":"EXAMES QUE A MOBILEVET REALIZA Aferi\u00e7\u00e3o da Press\u00e3o Arterial Ecodopplercardiograma Eletrocardiograma Eletrocardiograma a Dist\u00e2ncia Radiologia Digital Telerradiologia Telecardiologia Ultrassonografia Cervical Ultrassonografia Tor\u00e1cica PROCEDIMENTOS QUE A MOBILEVET [\u2026]","og_url":"https:\/\/mobilevet.com.br\/site\/servicos\/","og_site_name":"Mobile Vet","article_modified_time":"2024-04-25T17:58:05+00:00","og_image":[{"url":"https:\/\/mobilevet.com.br\/site\/wp-content\/uploads\/2014\/02\/pressao_arterial-mobilevet.png"}],"twitter_card":"summary_large_image","twitter_misc":{"Est. tempo de leitura":"6 minutos"},"schema":{"@context":"https:\/\/schema.org","@graph":[{"@type":"WebSite","@id":"https:\/\/mobilevet.com.br\/site\/#website","url":"https:\/\/mobilevet.com.br\/site\/","name":"Mobile Vet","description":"Exames de diagn\u00f3sticos veterin\u00e1rios e consultoria cardiol\u00f3gica","potentialAction":[{"@type":"SearchAction","target":{"@type":"EntryPoint","urlTemplate":"https:\/\/mobilevet.com.br\/site\/?s={search_term_string}"},"query-input":"required name=search_term_string"}],"inLanguage":"pt-BR"},{"@type":"ImageObject","inLanguage":"pt-BR","@id":"https:\/\/mobilevet.com.br\/site\/servicos\/#primaryimage","url":"https:\/\/mobilevet.com.br\/site\/wp-content\/uploads\/2014\/02\/pressao_arterial-mobilevet.png","contentUrl":"https:\/\/mobilevet.com.br\/site\/wp-content\/uploads\/2014\/02\/pressao_arterial-mobilevet.png","width":77,"height":67},{"@type":"WebPage","@id":"https:\/\/mobilevet.com.br\/site\/servicos\/#webpage","url":"https:\/\/mobilevet.com.br\/site\/servicos\/","name":"- Mobile Vet","isPartOf":{"@id":"https:\/\/mobilevet.com.br\/site\/#website"},"primaryImageOfPage":{"@id":"https:\/\/mobilevet.com.br\/site\/servicos\/#primaryimage"},"datePublished":"2019-08-23T12:41:11+00:00","dateModified":"2024-04-25T17:58:05+00:00","breadcrumb":{"@id":"https:\/\/mobilevet.com.br\/site\/servicos\/#breadcrumb"},"inLanguage":"pt-BR","potentialAction":[{"@type":"ReadAction","target":["https:\/\/mobilevet.com.br\/site\/servicos\/"]}]},{"@type":"BreadcrumbList","@id":"https:\/\/mobilevet.com.br\/site\/servicos\/#breadcrumb","itemListElement":[{"@type":"ListItem","position":1,"name":"In\u00edcio","item":"https:\/\/mobilevet.com.br\/site\/"},{"@type":"ListItem","position":2,"name":"Servi\u00e7os"}]}]}},"_links":{"self":[{"href":"https:\/\/mobilevet.com.br\/site\/wp-json\/wp\/v2\/pages\/771"}],"collection":[{"href":"https:\/\/mobilevet.com.br\/site\/wp-json\/wp\/v2\/pages"}],"about":[{"href":"https:\/\/mobilevet.com.br\/site\/wp-json\/wp\/v2\/types\/page"}],"author":[{"embeddable":true,"href":"https:\/\/mobilevet.com.br\/site\/wp-json\/wp\/v2\/users\/9"}],"replies":[{"embeddable":true,"href":"https:\/\/mobilevet.com.br\/site\/wp-json\/wp\/v2\/comments?post=771"}],"version-history":[{"count":51,"href":"https:\/\/mobilevet.com.br\/site\/wp-json\/wp\/v2\/pages\/771\/revisions"}],"predecessor-version":[{"id":2760,"href":"https:\/\/mobilevet.com.br\/site\/wp-json\/wp\/v2\/pages\/771\/revisions\/2760"}],"wp:attachment":[{"href":"https:\/\/mobilevet.com.br\/site\/wp-json\/wp\/v2\/media?parent=771"}],"curies":[{"name":"wp","href":"https:\/\/api.w.org\/{rel}","templated":true}]}}