{"id":919,"date":"2019-09-13T01:30:29","date_gmt":"2019-09-13T04:30:29","guid":{"rendered":"https:\/\/mobilevet.com.br\/site\/?page_id=919"},"modified":"2019-10-08T11:33:48","modified_gmt":"2019-10-08T14:33:48","slug":"odontologia","status":"publish","type":"page","link":"https:\/\/mobilevet.com.br\/site\/odontologia\/","title":{"rendered":"Odontologia Veterin\u00e1ria"},"content":{"rendered":"<p>A \u00e1rea de odontologia veterin\u00e1ria consiste em tratar e prevenir as principais doen\u00e7as da cavidade oral dos animais. As doen\u00e7as da cavidade oral s\u00e3o uma das principais causas de inflama\u00e7\u00e3o e infec\u00e7\u00e3o cr\u00f4nicas, e estas podem prejudicar todo o organismo.<\/p>\n<p>As principais doen\u00e7as em cavidade oral s\u00e3o as seguintes:<\/p>\n<ul>\n<li>persist\u00eancia de dentes dec\u00edduos (de leite)<\/li>\n<li>M\u00e1s oclus\u00f5es cong\u00eanitas<\/li>\n<li>Doen\u00e7as periodontais<\/li>\n<li>Fraturas de dente<\/li>\n<li>Fraturas de maxila e mand\u00edbula<\/li>\n<li>Altera\u00e7\u00f5es (inflama\u00e7\u00f5es e infe\u00e7\u00f5es) em gl\u00e2ndulas salivares<\/li>\n<li>Tumores<\/li>\n<li>Les\u00f5es Reabsortivas<\/li>\n<li>Gengivites cr\u00f4nicas<\/li>\n<\/ul>\n<p>A melhor maneira de garantir a perfeita sa\u00fade do seu pet \u00e9 manter sua boca saud\u00e1vel, isso inclui escovar os dentes desde cedo com pastas espec\u00edficas para animais e ficar atento \u00e0 qualquer altera\u00e7\u00e3o na boca do seu mascote, isso inclui dificuldade para se alimentar, recusa em comer alimentos mais duros, sangramento em gengiva, pateamento da regi\u00e3o da boca.<\/p>\n<p>Conhe\u00e7a todas as <a href=\"https:\/\/mobilevet.com.br\/site\/servicos\">especialidades<\/a> que temos dispon\u00edvel para a sa\u00fade do seu pet!<\/p>\n<p>&nbsp;<\/p>\n<h3><span style=\"color: #206d6b;\">Especialista<\/span><\/h3>\n<p><strong>Dra. Fernanda Cristina Pena<\/strong><br \/>\nCRMV SP 12.203<br \/>\nFormada na Universidade Estadual Paulista &#8211; UNESP &#8211; Ara\u00e7atuba em 1999.<br \/>\nP\u00f3s graduada na \u00e1rea de Odontologia Veterin\u00e1ria pela Universidade Anhembi Morumbi em 2004.<br \/>\nS\u00f3cia fundadora da ABOV (Associa\u00e7\u00e3o Brasileira de Odontologia Veterin\u00e1ria)<\/p>\n","protected":false},"excerpt":{"rendered":"<p>A \u00e1rea de odontologia veterin\u00e1ria consiste em tratar e prevenir as principais doen\u00e7as da cavidade oral dos animais. As doen\u00e7as da cavidade oral s\u00e3o uma das<span class=\"excerpt-hellip\"> [\u2026]<\/span><\/p>\n","protected":false},"author":4,"featured_media":0,"parent":0,"menu_order":0,"comment_status":"open","ping_status":"open","template":"","meta":{"_joinchat":[]},"yoast_head":"<!-- This site is optimized with the Yoast SEO plugin v18.7 - https:\/\/yoast.com\/wordpress\/plugins\/seo\/ -->\n<title>- Mobile Vet<\/title>\n<meta name=\"robots\" content=\"index, follow, max-snippet:-1, max-image-preview:large, max-video-preview:-1\" \/>\n<link rel=\"canonical\" href=\"https:\/\/mobilevet.com.br\/site\/odontologia\/\" \/>\n<meta property=\"og:locale\" content=\"pt_BR\" \/>\n<meta property=\"og:type\" content=\"article\" \/>\n<meta property=\"og:title\" content=\"- Mobile Vet\" \/>\n<meta property=\"og:description\" content=\"A \u00e1rea de odontologia veterin\u00e1ria consiste em tratar e prevenir as principais doen\u00e7as da cavidade oral dos animais. As doen\u00e7as da cavidade oral s\u00e3o uma das [\u2026]\" \/>\n<meta property=\"og:url\" content=\"https:\/\/mobilevet.com.br\/site\/odontologia\/\" \/>\n<meta property=\"og:site_name\" content=\"Mobile Vet\" \/>\n<meta property=\"article:modified_time\" content=\"2019-10-08T14:33:48+00:00\" \/>\n<meta name=\"twitter:card\" content=\"summary_large_image\" \/>\n<meta name=\"twitter:label1\" content=\"Est. tempo de leitura\" \/>\n\t<meta name=\"twitter:data1\" content=\"1 minuto\" \/>\n<script type=\"application\/ld+json\" class=\"yoast-schema-graph\">{\"@context\":\"https:\/\/schema.org\",\"@graph\":[{\"@type\":\"WebSite\",\"@id\":\"https:\/\/mobilevet.com.br\/site\/#website\",\"url\":\"https:\/\/mobilevet.com.br\/site\/\",\"name\":\"Mobile Vet\",\"description\":\"Exames de diagn\u00f3sticos veterin\u00e1rios e consultoria cardiol\u00f3gica\",\"potentialAction\":[{\"@type\":\"SearchAction\",\"target\":{\"@type\":\"EntryPoint\",\"urlTemplate\":\"https:\/\/mobilevet.com.br\/site\/?s={search_term_string}\"},\"query-input\":\"required name=search_term_string\"}],\"inLanguage\":\"pt-BR\"},{\"@type\":\"WebPage\",\"@id\":\"https:\/\/mobilevet.com.br\/site\/odontologia\/#webpage\",\"url\":\"https:\/\/mobilevet.com.br\/site\/odontologia\/\",\"name\":\"- Mobile Vet\",\"isPartOf\":{\"@id\":\"https:\/\/mobilevet.com.br\/site\/#website\"},\"datePublished\":\"2019-09-13T04:30:29+00:00\",\"dateModified\":\"2019-10-08T14:33:48+00:00\",\"breadcrumb\":{\"@id\":\"https:\/\/mobilevet.com.br\/site\/odontologia\/#breadcrumb\"},\"inLanguage\":\"pt-BR\",\"potentialAction\":[{\"@type\":\"ReadAction\",\"target\":[\"https:\/\/mobilevet.com.br\/site\/odontologia\/\"]}]},{\"@type\":\"BreadcrumbList\",\"@id\":\"https:\/\/mobilevet.com.br\/site\/odontologia\/#breadcrumb\",\"itemListElement\":[{\"@type\":\"ListItem\",\"position\":1,\"name\":\"In\u00edcio\",\"item\":\"https:\/\/mobilevet.com.br\/site\/\"},{\"@type\":\"ListItem\",\"position\":2,\"name\":\"Odontologia Veterin\u00e1ria\"}]}]}<\/script>\n<!-- \/ Yoast SEO plugin. -->","yoast_head_json":{"title":"- Mobile Vet","robots":{"index":"index","follow":"follow","max-snippet":"max-snippet:-1","max-image-preview":"max-image-preview:large","max-video-preview":"max-video-preview:-1"},"canonical":"https:\/\/mobilevet.com.br\/site\/odontologia\/","og_locale":"pt_BR","og_type":"article","og_title":"- Mobile Vet","og_description":"A \u00e1rea de odontologia veterin\u00e1ria consiste em tratar e prevenir as principais doen\u00e7as da cavidade oral dos animais. As doen\u00e7as da cavidade oral s\u00e3o uma das [\u2026]","og_url":"https:\/\/mobilevet.com.br\/site\/odontologia\/","og_site_name":"Mobile Vet","article_modified_time":"2019-10-08T14:33:48+00:00","twitter_card":"summary_large_image","twitter_misc":{"Est. tempo de leitura":"1 minuto"},"schema":{"@context":"https:\/\/schema.org","@graph":[{"@type":"WebSite","@id":"https:\/\/mobilevet.com.br\/site\/#website","url":"https:\/\/mobilevet.com.br\/site\/","name":"Mobile Vet","description":"Exames de diagn\u00f3sticos veterin\u00e1rios e consultoria cardiol\u00f3gica","potentialAction":[{"@type":"SearchAction","target":{"@type":"EntryPoint","urlTemplate":"https:\/\/mobilevet.com.br\/site\/?s={search_term_string}"},"query-input":"required name=search_term_string"}],"inLanguage":"pt-BR"},{"@type":"WebPage","@id":"https:\/\/mobilevet.com.br\/site\/odontologia\/#webpage","url":"https:\/\/mobilevet.com.br\/site\/odontologia\/","name":"- Mobile Vet","isPartOf":{"@id":"https:\/\/mobilevet.com.br\/site\/#website"},"datePublished":"2019-09-13T04:30:29+00:00","dateModified":"2019-10-08T14:33:48+00:00","breadcrumb":{"@id":"https:\/\/mobilevet.com.br\/site\/odontologia\/#breadcrumb"},"inLanguage":"pt-BR","potentialAction":[{"@type":"ReadAction","target":["https:\/\/mobilevet.com.br\/site\/odontologia\/"]}]},{"@type":"BreadcrumbList","@id":"https:\/\/mobilevet.com.br\/site\/odontologia\/#breadcrumb","itemListElement":[{"@type":"ListItem","position":1,"name":"In\u00edcio","item":"https:\/\/mobilevet.com.br\/site\/"},{"@type":"ListItem","position":2,"name":"Odontologia Veterin\u00e1ria"}]}]}},"_links":{"self":[{"href":"https:\/\/mobilevet.com.br\/site\/wp-json\/wp\/v2\/pages\/919"}],"collection":[{"href":"https:\/\/mobilevet.com.br\/site\/wp-json\/wp\/v2\/pages"}],"about":[{"href":"https:\/\/mobilevet.com.br\/site\/wp-json\/wp\/v2\/types\/page"}],"author":[{"embeddable":true,"href":"https:\/\/mobilevet.com.br\/site\/wp-json\/wp\/v2\/users\/4"}],"replies":[{"embeddable":true,"href":"https:\/\/mobilevet.com.br\/site\/wp-json\/wp\/v2\/comments?post=919"}],"version-history":[{"count":3,"href":"https:\/\/mobilevet.com.br\/site\/wp-json\/wp\/v2\/pages\/919\/revisions"}],"predecessor-version":[{"id":1072,"href":"https:\/\/mobilevet.com.br\/site\/wp-json\/wp\/v2\/pages\/919\/revisions\/1072"}],"wp:attachment":[{"href":"https:\/\/mobilevet.com.br\/site\/wp-json\/wp\/v2\/media?parent=919"}],"curies":[{"name":"wp","href":"https:\/\/api.w.org\/{rel}","templated":true}]}}