{"id":923,"date":"2019-09-13T01:37:02","date_gmt":"2019-09-13T04:37:02","guid":{"rendered":"https:\/\/mobilevet.com.br\/site\/?page_id=923"},"modified":"2019-10-08T11:36:31","modified_gmt":"2019-10-08T14:36:31","slug":"especialista-em-felinos","status":"publish","type":"page","link":"https:\/\/mobilevet.com.br\/site\/especialista-em-felinos\/","title":{"rendered":"Especialista em Felinos"},"content":{"rendered":"<p>O especialista em felinos vem crescendo cada vez mais pois \u00e9 voltando totalmente a esp\u00e9cie, conhecendo e tratando todas as doen\u00e7as e particularidades da esp\u00e9cie.<\/p>\n<p>O especialista em medicina felina conhece melhor determinadas doen\u00e7as e comportamentos onde poucos cl\u00ednicos gerais tem conhecimento, levando assim um melhor diagn\u00f3stico e tratamento de todas as \u00e1reas desta esp\u00e9cie.<\/p>\n<p>Conhe\u00e7a todas as <a href=\"https:\/\/mobilevet.com.br\/site\/servicos\">especialidades<\/a> que temos dispon\u00edvel para a sa\u00fade do seu pet!<\/p>\n<p>&nbsp;<\/p>\n<h3><span style=\"color: #206d6b;\">Especialista<\/span><\/h3>\n<p><strong>Dra. Lilian Sayuri Martins<\/strong><br \/>\nFormada em Medicina Veterin\u00e1ria pela UNIVERSIDADE DO GRANDE ABC<br \/>\nCurso de Especializa\u00e7\u00e3o em Medicina de Felinos pela ANCLIVEPA<\/p>\n","protected":false},"excerpt":{"rendered":"<p>O especialista em felinos vem crescendo cada vez mais pois \u00e9 voltando totalmente a esp\u00e9cie, conhecendo e tratando todas as doen\u00e7as e particularidades da esp\u00e9cie. O<span class=\"excerpt-hellip\"> [\u2026]<\/span><\/p>\n","protected":false},"author":4,"featured_media":0,"parent":0,"menu_order":0,"comment_status":"open","ping_status":"open","template":"","meta":{"_joinchat":[]},"yoast_head":"<!-- This site is optimized with the Yoast SEO plugin v18.7 - https:\/\/yoast.com\/wordpress\/plugins\/seo\/ -->\n<title>- Mobile Vet<\/title>\n<meta name=\"robots\" content=\"index, follow, max-snippet:-1, max-image-preview:large, max-video-preview:-1\" \/>\n<link rel=\"canonical\" href=\"https:\/\/mobilevet.com.br\/site\/especialista-em-felinos\/\" \/>\n<meta property=\"og:locale\" content=\"pt_BR\" \/>\n<meta property=\"og:type\" content=\"article\" \/>\n<meta property=\"og:title\" content=\"- Mobile Vet\" \/>\n<meta property=\"og:description\" content=\"O especialista em felinos vem crescendo cada vez mais pois \u00e9 voltando totalmente a esp\u00e9cie, conhecendo e tratando todas as doen\u00e7as e particularidades da esp\u00e9cie. O [\u2026]\" \/>\n<meta property=\"og:url\" content=\"https:\/\/mobilevet.com.br\/site\/especialista-em-felinos\/\" \/>\n<meta property=\"og:site_name\" content=\"Mobile Vet\" \/>\n<meta property=\"article:modified_time\" content=\"2019-10-08T14:36:31+00:00\" \/>\n<meta name=\"twitter:card\" content=\"summary_large_image\" \/>\n<meta name=\"twitter:label1\" content=\"Est. tempo de leitura\" \/>\n\t<meta name=\"twitter:data1\" content=\"1 minuto\" \/>\n<script type=\"application\/ld+json\" class=\"yoast-schema-graph\">{\"@context\":\"https:\/\/schema.org\",\"@graph\":[{\"@type\":\"WebSite\",\"@id\":\"https:\/\/mobilevet.com.br\/site\/#website\",\"url\":\"https:\/\/mobilevet.com.br\/site\/\",\"name\":\"Mobile Vet\",\"description\":\"Exames de diagn\u00f3sticos veterin\u00e1rios e consultoria cardiol\u00f3gica\",\"potentialAction\":[{\"@type\":\"SearchAction\",\"target\":{\"@type\":\"EntryPoint\",\"urlTemplate\":\"https:\/\/mobilevet.com.br\/site\/?s={search_term_string}\"},\"query-input\":\"required name=search_term_string\"}],\"inLanguage\":\"pt-BR\"},{\"@type\":\"WebPage\",\"@id\":\"https:\/\/mobilevet.com.br\/site\/especialista-em-felinos\/#webpage\",\"url\":\"https:\/\/mobilevet.com.br\/site\/especialista-em-felinos\/\",\"name\":\"- Mobile Vet\",\"isPartOf\":{\"@id\":\"https:\/\/mobilevet.com.br\/site\/#website\"},\"datePublished\":\"2019-09-13T04:37:02+00:00\",\"dateModified\":\"2019-10-08T14:36:31+00:00\",\"breadcrumb\":{\"@id\":\"https:\/\/mobilevet.com.br\/site\/especialista-em-felinos\/#breadcrumb\"},\"inLanguage\":\"pt-BR\",\"potentialAction\":[{\"@type\":\"ReadAction\",\"target\":[\"https:\/\/mobilevet.com.br\/site\/especialista-em-felinos\/\"]}]},{\"@type\":\"BreadcrumbList\",\"@id\":\"https:\/\/mobilevet.com.br\/site\/especialista-em-felinos\/#breadcrumb\",\"itemListElement\":[{\"@type\":\"ListItem\",\"position\":1,\"name\":\"In\u00edcio\",\"item\":\"https:\/\/mobilevet.com.br\/site\/\"},{\"@type\":\"ListItem\",\"position\":2,\"name\":\"Especialista em Felinos\"}]}]}<\/script>\n<!-- \/ Yoast SEO plugin. -->","yoast_head_json":{"title":"- Mobile Vet","robots":{"index":"index","follow":"follow","max-snippet":"max-snippet:-1","max-image-preview":"max-image-preview:large","max-video-preview":"max-video-preview:-1"},"canonical":"https:\/\/mobilevet.com.br\/site\/especialista-em-felinos\/","og_locale":"pt_BR","og_type":"article","og_title":"- Mobile Vet","og_description":"O especialista em felinos vem crescendo cada vez mais pois \u00e9 voltando totalmente a esp\u00e9cie, conhecendo e tratando todas as doen\u00e7as e particularidades da esp\u00e9cie. O [\u2026]","og_url":"https:\/\/mobilevet.com.br\/site\/especialista-em-felinos\/","og_site_name":"Mobile Vet","article_modified_time":"2019-10-08T14:36:31+00:00","twitter_card":"summary_large_image","twitter_misc":{"Est. tempo de leitura":"1 minuto"},"schema":{"@context":"https:\/\/schema.org","@graph":[{"@type":"WebSite","@id":"https:\/\/mobilevet.com.br\/site\/#website","url":"https:\/\/mobilevet.com.br\/site\/","name":"Mobile Vet","description":"Exames de diagn\u00f3sticos veterin\u00e1rios e consultoria cardiol\u00f3gica","potentialAction":[{"@type":"SearchAction","target":{"@type":"EntryPoint","urlTemplate":"https:\/\/mobilevet.com.br\/site\/?s={search_term_string}"},"query-input":"required name=search_term_string"}],"inLanguage":"pt-BR"},{"@type":"WebPage","@id":"https:\/\/mobilevet.com.br\/site\/especialista-em-felinos\/#webpage","url":"https:\/\/mobilevet.com.br\/site\/especialista-em-felinos\/","name":"- Mobile Vet","isPartOf":{"@id":"https:\/\/mobilevet.com.br\/site\/#website"},"datePublished":"2019-09-13T04:37:02+00:00","dateModified":"2019-10-08T14:36:31+00:00","breadcrumb":{"@id":"https:\/\/mobilevet.com.br\/site\/especialista-em-felinos\/#breadcrumb"},"inLanguage":"pt-BR","potentialAction":[{"@type":"ReadAction","target":["https:\/\/mobilevet.com.br\/site\/especialista-em-felinos\/"]}]},{"@type":"BreadcrumbList","@id":"https:\/\/mobilevet.com.br\/site\/especialista-em-felinos\/#breadcrumb","itemListElement":[{"@type":"ListItem","position":1,"name":"In\u00edcio","item":"https:\/\/mobilevet.com.br\/site\/"},{"@type":"ListItem","position":2,"name":"Especialista em Felinos"}]}]}},"_links":{"self":[{"href":"https:\/\/mobilevet.com.br\/site\/wp-json\/wp\/v2\/pages\/923"}],"collection":[{"href":"https:\/\/mobilevet.com.br\/site\/wp-json\/wp\/v2\/pages"}],"about":[{"href":"https:\/\/mobilevet.com.br\/site\/wp-json\/wp\/v2\/types\/page"}],"author":[{"embeddable":true,"href":"https:\/\/mobilevet.com.br\/site\/wp-json\/wp\/v2\/users\/4"}],"replies":[{"embeddable":true,"href":"https:\/\/mobilevet.com.br\/site\/wp-json\/wp\/v2\/comments?post=923"}],"version-history":[{"count":3,"href":"https:\/\/mobilevet.com.br\/site\/wp-json\/wp\/v2\/pages\/923\/revisions"}],"predecessor-version":[{"id":1074,"href":"https:\/\/mobilevet.com.br\/site\/wp-json\/wp\/v2\/pages\/923\/revisions\/1074"}],"wp:attachment":[{"href":"https:\/\/mobilevet.com.br\/site\/wp-json\/wp\/v2\/media?parent=923"}],"curies":[{"name":"wp","href":"https:\/\/api.w.org\/{rel}","templated":true}]}}